Last updated on 2025-05-04 03:51:00 CEST.
Flavor | Version | Tinstall | Tcheck | Ttotal | Status | Flags |
---|---|---|---|---|---|---|
r-devel-linux-x86_64-debian-clang | 2.0 | 12.98 | 112.92 | 125.90 | NOTE | |
r-devel-linux-x86_64-debian-gcc | 2.0 | 9.65 | 79.09 | 88.74 | NOTE | |
r-devel-linux-x86_64-fedora-clang | 2.0 | 187.73 | OK | |||
r-devel-linux-x86_64-fedora-gcc | 2.0 | 183.32 | OK | |||
r-devel-windows-x86_64 | 2.0 | 15.00 | 114.00 | 129.00 | OK | |
r-patched-linux-x86_64 | 2.0 | 10.98 | 104.10 | 115.08 | OK | |
r-release-linux-x86_64 | OK | |||||
r-release-macos-arm64 | 2.0 | 52.00 | OK | |||
r-release-macos-x86_64 | 2.0 | 97.00 | OK | |||
r-release-windows-x86_64 | 2.0 | 15.00 | 112.00 | 127.00 | OK | |
r-oldrel-macos-arm64 | 2.0 | 55.00 | OK | |||
r-oldrel-macos-x86_64 | 2.0 | 78.00 | OK | |||
r-oldrel-windows-x86_64 | 2.0 | 19.00 | 140.00 | 159.00 | OK |
Version: 2.0
Check: CRAN incoming feasibility
Result: NOTE
Maintainer: ‘Ray Bai <raybaistat@gmail.com>’
No Authors@R field in DESCRIPTION.
Please add one, modifying
Authors@R: person(given = "Ray",
family = "Bai",
role = c("aut", "cre"),
email = "raybaistat@gmail.com")
as necessary.
The Description field contains
introduced by Bai et al. (2023) <arXiv:1907.06477>. Functions to fit
Please refer to arXiv e-prints via their arXiv DOI <doi:10.48550/arXiv.YYMM.NNNNN>.
Flavors: r-devel-linux-x86_64-debian-clang, r-devel-linux-x86_64-debian-gcc