Last updated on 2025-07-03 03:49:47 CEST.
Flavor | Version | Tinstall | Tcheck | Ttotal | Status | Flags |
---|---|---|---|---|---|---|
r-devel-linux-x86_64-debian-clang | 1.0.5 | 4.39 | 36.41 | 40.80 | OK | |
r-devel-linux-x86_64-debian-gcc | 1.0.5 | 3.06 | 28.16 | 31.22 | OK | |
r-devel-linux-x86_64-fedora-clang | 1.0.5 | 63.06 | OK | |||
r-devel-linux-x86_64-fedora-gcc | 1.0.5 | 73.49 | OK | |||
r-devel-windows-x86_64 | 1.0.5 | 6.00 | 54.00 | 60.00 | OK | |
r-patched-linux-x86_64 | 1.0.5 | 4.59 | 33.61 | 38.20 | OK | |
r-release-linux-x86_64 | 1.0.5 | 4.01 | 33.91 | 37.92 | OK | |
r-release-macos-arm64 | 1.0.5 | 36.00 | OK | |||
r-release-macos-x86_64 | 1.0.5 | 52.00 | OK | |||
r-release-windows-x86_64 | 1.0.5 | 7.00 | 54.00 | 61.00 | OK | |
r-oldrel-macos-arm64 | 1.0.5 | 37.00 | NOTE | |||
r-oldrel-macos-x86_64 | 1.0.5 | 63.00 | NOTE | |||
r-oldrel-windows-x86_64 | 1.0.5 | 8.00 | 61.00 | 69.00 | NOTE |
Version: 1.0.5
Check: installed package size
Result: NOTE
installed size is 7.6Mb
sub-directories of 1Mb or more:
data 4.0Mb
doc 3.5Mb
Flavors: r-oldrel-macos-arm64, r-oldrel-macos-x86_64, r-oldrel-windows-x86_64