CRAN Package Check Results for Package Necklaces

Last updated on 2025-05-06 03:51:09 CEST.

Flavor Version Tinstall Tcheck Ttotal Status Flags
r-devel-linux-x86_64-debian-clang 1.0 1.93 20.01 21.94 NOTE
r-devel-linux-x86_64-debian-gcc 1.0 1.49 16.13 17.62 NOTE
r-devel-linux-x86_64-fedora-clang 1.0 34.40 OK
r-devel-linux-x86_64-fedora-gcc 1.0 33.06 OK
r-devel-windows-x86_64 1.0 3.00 42.00 45.00 NOTE
r-patched-linux-x86_64 1.0 2.32 19.05 21.37 NOTE
r-release-linux-x86_64 1.0 1.86 19.27 21.13 NOTE
r-release-macos-arm64 1.0 16.00 OK
r-release-macos-x86_64 1.0 37.00 OK
r-release-windows-x86_64 1.0 3.00 42.00 45.00 NOTE
r-oldrel-macos-arm64 1.0 16.00 OK
r-oldrel-macos-x86_64 1.0 26.00 OK
r-oldrel-windows-x86_64 1.0 3.00 40.00 43.00 OK

Check Details

Version: 1.0
Check: CRAN incoming feasibility
Result: NOTE Maintainer: ‘Giuseppe Guarino <giuseppe.guarino@rete.basilicata.it>’ The Description field contains Nardo and G. Guarino (2022) <arXiv:2208.06855>. Please refer to arXiv e-prints via their arXiv DOI <doi:10.48550/arXiv.YYMM.NNNNN>. Flavors: r-devel-linux-x86_64-debian-clang, r-devel-linux-x86_64-debian-gcc

Version: 1.0
Check: Rd cross-references
Result: NOTE Found the following Rd file(s) with Rd \link{} targets missing package anchors: fBracelets.Rd: nPerm fNecklaces.Rd: nPerm Please provide package anchors for all Rd \link{} targets not in the package itself and the base packages. Flavors: r-devel-linux-x86_64-debian-clang, r-devel-linux-x86_64-debian-gcc, r-devel-windows-x86_64, r-patched-linux-x86_64, r-release-linux-x86_64, r-release-windows-x86_64