Last updated on 2025-05-04 03:51:00 CEST.
Flavor | Version | Tinstall | Tcheck | Ttotal | Status | Flags |
---|---|---|---|---|---|---|
r-devel-linux-x86_64-debian-clang | 0.2 | 3.00 | 31.97 | 34.97 | NOTE | |
r-devel-linux-x86_64-debian-gcc | 0.2 | 2.80 | 24.19 | 26.99 | NOTE | |
r-devel-linux-x86_64-fedora-clang | 0.2 | 55.08 | OK | |||
r-devel-linux-x86_64-fedora-gcc | 0.2 | 53.28 | OK | |||
r-devel-windows-x86_64 | 0.2 | 5.00 | 58.00 | 63.00 | OK | |
r-patched-linux-x86_64 | 0.2 | 3.63 | 30.04 | 33.67 | OK | |
r-release-linux-x86_64 | OK | |||||
r-release-macos-arm64 | 0.2 | 21.00 | OK | |||
r-release-macos-x86_64 | 0.2 | 58.00 | OK | |||
r-release-windows-x86_64 | 0.2 | 5.00 | 52.00 | 57.00 | OK | |
r-oldrel-macos-arm64 | 0.2 | 19.00 | OK | |||
r-oldrel-macos-x86_64 | 0.2 | 52.00 | OK | |||
r-oldrel-windows-x86_64 | 0.2 | 6.00 | 58.00 | 64.00 | OK |
Version: 0.2
Check: CRAN incoming feasibility
Result: NOTE
Maintainer: ‘Sean J Westwood <seanjw@stanford.edu>’
No Authors@R field in DESCRIPTION.
Please add one, modifying
Authors@R: c(person(given = "Mike",
family = "Nowak",
role = "aut",
email = "michael.nowak@gmail.com"),
person(given = "Solomon",
family = "Messing",
role = "aut",
email = "solomon.messing@gmail.com"),
person(given = c("Sean", "J"),
family = "Westwood",
role = c("aut", "cre"),
email = "seanjw@stanford.edu"),
person(given = "Dan",
family = "McFarland",
role = "aut",
email = "dmcfarla@stanford.edu"))
as necessary.
Flavors: r-devel-linux-x86_64-debian-clang, r-devel-linux-x86_64-debian-gcc