Last updated on 2025-07-04 03:50:32 CEST.
Flavor | Version | Tinstall | Tcheck | Ttotal | Status | Flags |
---|---|---|---|---|---|---|
r-devel-linux-x86_64-debian-clang | 0.5.0 | 13.85 | 106.22 | 120.07 | NOTE | |
r-devel-linux-x86_64-debian-gcc | 0.5.0 | 9.78 | 75.31 | 85.09 | NOTE | |
r-devel-linux-x86_64-fedora-clang | 0.5.0 | 186.73 | OK | |||
r-devel-linux-x86_64-fedora-gcc | 0.5.0 | 156.35 | OK | |||
r-devel-windows-x86_64 | 0.5.0 | 15.00 | 110.00 | 125.00 | OK | |
r-patched-linux-x86_64 | 0.5.0 | 13.94 | 97.21 | 111.15 | OK | |
r-release-linux-x86_64 | 0.5.0 | 11.96 | 97.48 | 109.44 | OK | |
r-release-macos-arm64 | 0.5.0 | 73.00 | OK | |||
r-release-macos-x86_64 | 0.5.0 | 89.00 | OK | |||
r-release-windows-x86_64 | 0.5.0 | 14.00 | 110.00 | 124.00 | OK | |
r-oldrel-macos-arm64 | 0.5.0 | 49.00 | OK | |||
r-oldrel-macos-x86_64 | 0.5.0 | 68.00 | OK | |||
r-oldrel-windows-x86_64 | 0.5.0 | 21.00 | 141.00 | 162.00 | OK |
Version: 0.5.0
Check: CRAN incoming feasibility
Result: NOTE
Maintainer: ‘Burak Guris <bguris@istanbul.edu.tr>’
No Authors@R field in DESCRIPTION.
Please add one, modifying
Authors@R: person(given = "Burak",
family = "Guris",
role = c("aut", "cre"),
email = "bguris@istanbul.edu.tr")
as necessary.
Flavors: r-devel-linux-x86_64-debian-clang, r-devel-linux-x86_64-debian-gcc