Last updated on 2025-07-04 03:50:32 CEST.
Flavor | Version | Tinstall | Tcheck | Ttotal | Status | Flags |
---|---|---|---|---|---|---|
r-devel-linux-x86_64-debian-clang | 1.0 | 7.51 | 72.42 | 79.93 | NOTE | |
r-devel-linux-x86_64-debian-gcc | 1.0 | 6.96 | 53.87 | 60.83 | NOTE | |
r-devel-linux-x86_64-fedora-clang | 1.0 | 129.11 | OK | |||
r-devel-linux-x86_64-fedora-gcc | 1.0 | 124.04 | OK | |||
r-devel-windows-x86_64 | 1.0 | 9.00 | 75.00 | 84.00 | OK | |
r-patched-linux-x86_64 | 1.0 | 9.31 | 70.04 | 79.35 | OK | |
r-release-linux-x86_64 | 1.0 | 9.28 | 69.73 | 79.01 | OK | |
r-release-macos-arm64 | 1.0 | 37.00 | OK | |||
r-release-macos-x86_64 | 1.0 | 81.00 | OK | |||
r-release-windows-x86_64 | 1.0 | 9.00 | 77.00 | 86.00 | OK | |
r-oldrel-macos-arm64 | 1.0 | 34.00 | OK | |||
r-oldrel-macos-x86_64 | 1.0 | 61.00 | OK | |||
r-oldrel-windows-x86_64 | 1.0 | 14.00 | 98.00 | 112.00 | OK |
Version: 1.0
Check: CRAN incoming feasibility
Result: NOTE
Maintainer: ‘Qi Yan <qiy17@pitt.edu>’
No Authors@R field in DESCRIPTION.
Please add one, modifying
Authors@R: person(given = "Qi",
family = "Yan",
role = c("aut", "cre"),
email = "qiy17@pitt.edu")
as necessary.
Flavors: r-devel-linux-x86_64-debian-clang, r-devel-linux-x86_64-debian-gcc