CRAN Package Check Results for Package OnAge

Last updated on 2025-05-06 03:51:10 CEST.

Flavor Version Tinstall Tcheck Ttotal Status Flags
r-devel-linux-x86_64-debian-clang 1.0.1 1.60 122.80 124.40 NOTE
r-devel-linux-x86_64-debian-gcc 1.0.1 1.33 83.87 85.20 NOTE
r-devel-linux-x86_64-fedora-clang 1.0.1 197.43 OK
r-devel-linux-x86_64-fedora-gcc 1.0.1 210.45 OK
r-devel-windows-x86_64 1.0.1 2.00 147.00 149.00 OK
r-patched-linux-x86_64 1.0.1 1.84 119.88 121.72 OK
r-release-linux-x86_64 1.0.1 1.55 118.99 120.54 OK
r-release-macos-arm64 1.0.1 64.00 OK
r-release-macos-x86_64 1.0.1 130.00 OK
r-release-windows-x86_64 1.0.1 2.00 151.00 153.00 OK
r-oldrel-macos-arm64 1.0.1 58.00 OK
r-oldrel-macos-x86_64 1.0.1 93.00 OK
r-oldrel-windows-x86_64 1.0.1 4.00 183.00 187.00 OK

Check Details

Version: 1.0.1
Check: CRAN incoming feasibility
Result: NOTE Maintainer: ‘Aurélie Siberchicot <aurelie.siberchicot@univ-lyon1.fr>’ No Authors@R field in DESCRIPTION. Please add one, modifying Authors@R: c(person(given = "Laurent", family = "Jacob", role = "aut"), person(given = "Frédéric", family = "Douhard", role = "aut"), person(given = "Jean-François", family = "Lemaître", role = "aut"), person(given = "Jean-Michel", family = "Gaillard", role = "aut"), person(given = "Aurélie", family = "Siberchicot", role = c("aut", "cre"), email = "aurelie.siberchicot@univ-lyon1.fr")) as necessary. Package CITATION file contains call(s) to old-style citEntry(). Please use bibentry() instead. Flavors: r-devel-linux-x86_64-debian-clang, r-devel-linux-x86_64-debian-gcc