Last updated on 2025-05-06 03:51:10 CEST.
Flavor | Version | Tinstall | Tcheck | Ttotal | Status | Flags |
---|---|---|---|---|---|---|
r-devel-linux-x86_64-debian-clang | 1.2 | 1.85 | 24.14 | 25.99 | NOTE | |
r-devel-linux-x86_64-debian-gcc | 1.2 | 1.36 | 17.63 | 18.99 | NOTE | |
r-devel-linux-x86_64-fedora-clang | 1.2 | 40.00 | NOTE | |||
r-devel-linux-x86_64-fedora-gcc | 1.2 | 38.67 | NOTE | |||
r-devel-windows-x86_64 | 1.2 | 2.00 | 41.00 | 43.00 | NOTE | |
r-patched-linux-x86_64 | 1.2 | 1.81 | 23.17 | 24.98 | NOTE | |
r-release-linux-x86_64 | 1.2 | 1.57 | 23.10 | 24.67 | NOTE | |
r-release-macos-arm64 | 1.2 | 17.00 | NOTE | |||
r-release-macos-x86_64 | 1.2 | 27.00 | NOTE | |||
r-release-windows-x86_64 | 1.2 | 2.00 | 43.00 | 45.00 | NOTE | |
r-oldrel-macos-arm64 | 1.2 | 15.00 | NOTE | |||
r-oldrel-macos-x86_64 | 1.2 | 27.00 | NOTE | |||
r-oldrel-windows-x86_64 | 1.2 | 2.00 | 48.00 | 50.00 | NOTE |
Version: 1.2
Check: CRAN incoming feasibility
Result: NOTE
Maintainer: ‘Christian E. Galarza <cgalarza88@gmail.com>’
No Authors@R field in DESCRIPTION.
Please add one, modifying
Authors@R: c(person(given = c("Christian", "E."),
family = "Galarza",
role = c("aut", "cre"),
email = "cgalarza88@gmail.com"),
person(given = c("Jonathan", "M."),
family = "Olate",
role = "aut"))
as necessary.
Flavors: r-devel-linux-x86_64-debian-clang, r-devel-linux-x86_64-debian-gcc
Version: 1.2
Check: Rd files
Result: NOTE
checkRd: (-1) MonteCarlo.Rd:23: Lost braces
23 | N is computed from \code{p} length. M is code{10^4} by default.
| ^
Flavors: r-devel-linux-x86_64-debian-clang, r-devel-linux-x86_64-debian-gcc, r-devel-linux-x86_64-fedora-clang, r-devel-linux-x86_64-fedora-gcc, r-devel-windows-x86_64, r-patched-linux-x86_64, r-release-linux-x86_64, r-release-macos-arm64, r-release-macos-x86_64, r-release-windows-x86_64, r-oldrel-macos-arm64, r-oldrel-macos-x86_64, r-oldrel-windows-x86_64