Last updated on 2025-05-04 03:51:00 CEST.
Flavor | Version | Tinstall | Tcheck | Ttotal | Status | Flags |
---|---|---|---|---|---|---|
r-devel-linux-x86_64-debian-clang | 1.1-5 | 3.98 | 29.21 | 33.19 | NOTE | |
r-devel-linux-x86_64-debian-gcc | 1.1-5 | 2.77 | 22.33 | 25.10 | NOTE | |
r-devel-linux-x86_64-fedora-clang | 1.1-5 | 51.77 | OK | |||
r-devel-linux-x86_64-fedora-gcc | 1.1-5 | 49.26 | OK | |||
r-devel-windows-x86_64 | 1.1-5 | 4.00 | 47.00 | 51.00 | OK | |
r-patched-linux-x86_64 | 1.1-5 | 3.99 | 27.99 | 31.98 | OK | |
r-release-linux-x86_64 | OK | |||||
r-release-macos-arm64 | 1.1-5 | 25.00 | OK | |||
r-release-macos-x86_64 | 1.1-5 | 32.00 | OK | |||
r-release-windows-x86_64 | 1.1-5 | 5.00 | 50.00 | 55.00 | OK | |
r-oldrel-macos-arm64 | 1.1-5 | 19.00 | OK | |||
r-oldrel-macos-x86_64 | 1.1-5 | 26.00 | OK | |||
r-oldrel-windows-x86_64 | 1.1-5 | 5.00 | 46.00 | 51.00 | OK |
Version: 1.1-5
Check: CRAN incoming feasibility
Result: NOTE
Maintainer: ‘Monica Lopez Raton <monica.lopez.raton@gmail.com>’
No Authors@R field in DESCRIPTION.
Please add one, modifying
Authors@R: c(person(given = "Monica",
family = "Lopez-Raton",
role = "aut"),
person(given = c("Maria", "Xose"),
family = "Rodriguez-Alvarez",
role = "aut"),
person(given = c("Monica", "Lopez"),
family = "Raton",
role = "cre",
email = "monica.lopez.raton@gmail.com"))
as necessary.
Package CITATION file contains call(s) to old-style personList() or
as.personList(). Please use c() on person objects instead.
Package CITATION file contains call(s) to old-style citEntry(). Please
use bibentry() instead.
Flavors: r-devel-linux-x86_64-debian-clang, r-devel-linux-x86_64-debian-gcc