CRAN Package Check Results for Package PAS

Last updated on 2025-05-06 03:51:10 CEST.

Flavor Version Tinstall Tcheck Ttotal Status Flags
r-devel-linux-x86_64-debian-clang 1.2.5 7.47 66.96 74.43 NOTE
r-devel-linux-x86_64-debian-gcc 1.2.5 5.31 49.00 54.31 NOTE
r-devel-linux-x86_64-fedora-clang 1.2.5 113.99 NOTE
r-devel-linux-x86_64-fedora-gcc 1.2.5 108.81 NOTE
r-devel-windows-x86_64 1.2.5 8.00 82.00 90.00 NOTE
r-patched-linux-x86_64 1.2.5 7.38 63.64 71.02 NOTE
r-release-linux-x86_64 1.2.5 6.47 63.33 69.80 NOTE
r-release-macos-arm64 1.2.5 35.00 NOTE
r-release-macos-x86_64 1.2.5 69.00 NOTE
r-release-windows-x86_64 1.2.5 7.00 85.00 92.00 NOTE
r-oldrel-macos-arm64 1.2.5 35.00 NOTE
r-oldrel-macos-x86_64 1.2.5 53.00 NOTE
r-oldrel-windows-x86_64 1.2.5 10.00 100.00 110.00 NOTE

Check Details

Version: 1.2.5
Check: CRAN incoming feasibility
Result: NOTE Maintainer: ‘Zhiqiu Hu <zhiqiu.hu@gmail.com>’ No Authors@R field in DESCRIPTION. Please add one, modifying Authors@R: c(person(given = c("Zhiqiu", "Hu;", "Shizhong", "Xu;", "Zhiquan", "Wang;", "Rongcai"), family = "Yang", role = "aut"), person(given = "Zhiqiu", family = "Hu", role = "cre", email = "zhiqiu.hu@gmail.com")) as necessary. Flavors: r-devel-linux-x86_64-debian-clang, r-devel-linux-x86_64-debian-gcc

Version: 1.2.5
Check: Rd files
Result: NOTE checkRd: (-1) PAS-package.Rd:30: Lost braces 30 | {\code{bin model}}{\cr Zhiqiu Hu, Zhiquan Wang, and Shizhong Xu (2012) An infinitesimal model for quantitative trait genomic value prediction. PloS ONE 7: e41336.} | ^ Flavors: r-devel-linux-x86_64-debian-clang, r-devel-linux-x86_64-debian-gcc, r-devel-linux-x86_64-fedora-clang, r-devel-linux-x86_64-fedora-gcc, r-devel-windows-x86_64, r-patched-linux-x86_64, r-release-linux-x86_64, r-release-macos-arm64, r-release-macos-x86_64, r-release-windows-x86_64, r-oldrel-macos-arm64, r-oldrel-macos-x86_64, r-oldrel-windows-x86_64