CRAN Package Check Results for Package PHENIX

Last updated on 2025-05-04 03:51:01 CEST.

Flavor Version Tinstall Tcheck Ttotal Status Flags
r-devel-linux-x86_64-debian-clang 1.3.1 2.64 36.68 39.32 NOTE
r-devel-linux-x86_64-debian-gcc 1.3.1 1.89 26.05 27.94 NOTE
r-devel-linux-x86_64-fedora-clang 1.3.1 61.67 OK
r-devel-linux-x86_64-fedora-gcc 1.3.1 59.58 OK
r-devel-windows-x86_64 1.3.1 3.00 65.00 68.00 NOTE
r-patched-linux-x86_64 1.3.1 2.52 36.26 38.78 NOTE
r-release-linux-x86_64 NOTE
r-release-macos-arm64 1.3.1 21.00 OK
r-release-macos-x86_64 1.3.1 36.00 OK
r-release-windows-x86_64 1.3.1 3.00 56.00 59.00 NOTE
r-oldrel-macos-arm64 1.3.1 21.00 OK
r-oldrel-macos-x86_64 1.3.1 31.00 OK
r-oldrel-windows-x86_64 1.3.1 3.00 62.00 65.00 OK

Check Details

Version: 1.3.1
Check: CRAN incoming feasibility
Result: NOTE Maintainer: ‘A. J. Muñoz-Pajares <ajesusmp@cibio.up.pt>’ No Authors@R field in DESCRIPTION. Please add one, modifying Authors@R: c(person(given = "R.", family = "Torices", role = "aut"), person(given = c("A.", "J."), family = "Muñoz-Pajares", role = c("aut", "cre"), email = "ajesusmp@cibio.up.pt")) as necessary. Package CITATION file contains call(s) to old-style personList() or as.personList(). Please use c() on person objects instead. Package CITATION file contains call(s) to old-style citEntry(). Please use bibentry() instead. Flavors: r-devel-linux-x86_64-debian-clang, r-devel-linux-x86_64-debian-gcc

Version: 1.3.1
Check: Rd cross-references
Result: NOTE Found the following Rd file(s) with Rd \link{} targets missing package anchors: cor.par.Rd: pcor, pcor.test Please provide package anchors for all Rd \link{} targets not in the package itself and the base packages. Flavors: r-devel-linux-x86_64-debian-clang, r-devel-linux-x86_64-debian-gcc, r-devel-windows-x86_64, r-patched-linux-x86_64, r-release-linux-x86_64, r-release-windows-x86_64