CRAN Package Check Results for Package PK

Last updated on 2025-05-04 03:51:01 CEST.

Flavor Version Tinstall Tcheck Ttotal Status Flags
r-devel-linux-x86_64-debian-clang 1.3-6 5.48 48.64 54.12 NOTE
r-devel-linux-x86_64-debian-gcc 1.3-6 3.76 32.77 36.53 NOTE
r-devel-linux-x86_64-fedora-clang 1.3-6 85.77 OK
r-devel-linux-x86_64-fedora-gcc 1.3-6 81.56 OK
r-devel-windows-x86_64 1.3-6 6.00 64.00 70.00 OK
r-patched-linux-x86_64 1.3-6 5.77 46.23 52.00 OK
r-release-linux-x86_64 OK
r-release-macos-arm64 1.3-6 26.00 OK
r-release-macos-x86_64 1.3-6 48.00 OK
r-release-windows-x86_64 1.3-6 5.00 65.00 70.00 OK
r-oldrel-macos-arm64 1.3-6 26.00 OK
r-oldrel-macos-x86_64 1.3-6 38.00 OK
r-oldrel-windows-x86_64 1.3-6 5.00 62.00 67.00 OK

Check Details

Version: 1.3-6
Check: CRAN incoming feasibility
Result: NOTE Maintainer: ‘Thomas Jaki <jaki.thomas@gmail.com>’ No Authors@R field in DESCRIPTION. Please add one, modifying Authors@R: c(person(given = "Thomas", family = "Jaki", role = c("aut", "cre"), email = "jaki.thomas@gmail.com"), person(given = c("Martin", "J."), family = "Wolfsegger", role = "aut", email = "wolfseggerm@gmx.at")) as necessary. Flavors: r-devel-linux-x86_64-debian-clang, r-devel-linux-x86_64-debian-gcc