Last updated on 2025-10-31 02:50:39 CET.
| Flavor | Version | Tinstall | Tcheck | Ttotal | Status | Flags | 
|---|---|---|---|---|---|---|
| r-devel-linux-x86_64-debian-clang | 1.5 | 9.38 | 47.80 | 57.18 | NOTE | |
| r-devel-linux-x86_64-debian-gcc | 1.5 | 6.16 | 32.69 | 38.85 | NOTE | |
| r-devel-linux-x86_64-fedora-clang | 1.5 | 20.00 | 71.88 | 91.88 | OK | |
| r-devel-linux-x86_64-fedora-gcc | 1.5 | 19.00 | 62.52 | 81.52 | OK | |
| r-devel-windows-x86_64 | 1.5 | 10.00 | 54.00 | 64.00 | OK | |
| r-patched-linux-x86_64 | 1.5 | 9.26 | 44.95 | 54.21 | OK | |
| r-release-linux-x86_64 | 1.5 | 7.75 | 44.80 | 52.55 | OK | |
| r-release-macos-arm64 | 1.5 | 4.00 | 25.00 | 29.00 | OK | |
| r-release-macos-x86_64 | 1.5 | 7.00 | 37.00 | 44.00 | OK | |
| r-release-windows-x86_64 | 1.5 | 11.00 | 58.00 | 69.00 | OK | |
| r-oldrel-macos-arm64 | 1.5 | 4.00 | 19.00 | 23.00 | NOTE | |
| r-oldrel-macos-x86_64 | 1.5 | 6.00 | 32.00 | 38.00 | NOTE | |
| r-oldrel-windows-x86_64 | 1.5 | 14.00 | 68.00 | 82.00 | NOTE | 
Version: 1.5
Check: CRAN incoming feasibility
Result: NOTE
  Maintainer: ‘Eun-Kyung Lee <lee.eunk@gmail.com>’
  
  No Authors@R field in DESCRIPTION.
  Please add one, modifying
    Authors@R: c(person(given = "Eun-Kyung",
                        family = "Lee",
                        role = c("aut", "cre"),
                        email = "lee.eunk@gmail.com"),
                 person(given = "Hye-sun",
                        family = "Cho",
                        role = "aut"))
  as necessary.
Flavors: r-devel-linux-x86_64-debian-clang, r-devel-linux-x86_64-debian-gcc
Version: 1.5
Check: LazyData
Result: NOTE
    'LazyData' is specified without a 'data' directory
Flavors: r-oldrel-macos-arm64, r-oldrel-macos-x86_64, r-oldrel-windows-x86_64