Last updated on 2025-07-03 03:49:49 CEST.
Flavor | Version | Tinstall | Tcheck | Ttotal | Status | Flags |
---|---|---|---|---|---|---|
r-devel-linux-x86_64-debian-clang | 0.1.1 | 35.18 | 312.73 | 347.91 | OK | |
r-devel-linux-x86_64-debian-gcc | 0.1.1 | 25.59 | 225.41 | 251.00 | OK | |
r-devel-linux-x86_64-fedora-clang | 0.1.1 | 526.52 | NOTE | |||
r-devel-linux-x86_64-fedora-gcc | 0.1.1 | 553.65 | NOTE | |||
r-devel-windows-x86_64 | 0.1.1 | 38.00 | 269.00 | 307.00 | OK | |
r-patched-linux-x86_64 | 0.1.1 | 33.24 | 289.64 | 322.88 | OK | |
r-release-linux-x86_64 | 0.1.1 | 31.74 | 292.33 | 324.07 | OK | |
r-release-macos-arm64 | 0.1.1 | 5.00 | ERROR | |||
r-release-macos-x86_64 | 0.1.1 | 213.00 | OK | |||
r-release-windows-x86_64 | 0.1.1 | 39.00 | 272.00 | 311.00 | OK | |
r-oldrel-macos-arm64 | 0.1.1 | 147.00 | OK | |||
r-oldrel-macos-x86_64 | 0.1.1 | 226.00 | OK | |||
r-oldrel-windows-x86_64 | 0.1.1 | 51.00 | 362.00 | 413.00 | OK |
Version: 0.1.1
Check: dependencies in R code
Result: NOTE
Namespaces in Imports field not imported from:
‘base’ ‘grDevices’
All declared Imports should be used.
Flavors: r-devel-linux-x86_64-fedora-clang, r-devel-linux-x86_64-fedora-gcc
Version: 0.1.1
Check: package dependencies
Result: ERROR
Package required but not available: ‘org.Hs.eg.db’
See section ‘The DESCRIPTION file’ in the ‘Writing R Extensions’
manual.
Flavor: r-release-macos-arm64