Last updated on 2025-11-03 03:49:51 CET.
| Flavor | Version | Tinstall | Tcheck | Ttotal | Status | Flags | 
|---|---|---|---|---|---|---|
| r-devel-linux-x86_64-debian-clang | 1.1.0 | 8.14 | 138.56 | 146.70 | OK | |
| r-devel-linux-x86_64-debian-gcc | 1.1.0 | 5.56 | 100.48 | 106.04 | OK | |
| r-devel-linux-x86_64-fedora-clang | 1.1.0 | 19.00 | 220.57 | 239.57 | OK | |
| r-devel-linux-x86_64-fedora-gcc | 1.1.0 | 15.00 | 221.29 | 236.29 | OK | |
| r-devel-windows-x86_64 | 1.1.0 | 10.00 | 134.00 | 144.00 | OK | |
| r-patched-linux-x86_64 | 1.1.0 | 8.05 | 134.76 | 142.81 | OK | |
| r-release-linux-x86_64 | 1.1.0 | 7.85 | 135.88 | 143.73 | OK | |
| r-release-macos-arm64 | 1.1.0 | 3.00 | 59.00 | 62.00 | OK | |
| r-release-macos-x86_64 | 1.1.0 | 6.00 | 110.00 | 116.00 | OK | |
| r-release-windows-x86_64 | 1.1.0 | 10.00 | 131.00 | 141.00 | OK | |
| r-oldrel-macos-arm64 | 1.1.0 | 3.00 | 63.00 | 66.00 | NOTE | |
| r-oldrel-macos-x86_64 | 1.1.0 | 5.00 | 88.00 | 93.00 | NOTE | |
| r-oldrel-windows-x86_64 | 1.1.0 | 15.00 | 175.00 | 190.00 | NOTE | 
Version: 1.1.0
Check: installed package size
Result: NOTE
    installed size is 12.1Mb
    sub-directories of 1Mb or more:
      doc  12.0Mb
Flavors: r-oldrel-macos-arm64, r-oldrel-macos-x86_64, r-oldrel-windows-x86_64
Version: 1.1.0
Check: LazyData
Result: NOTE
    'LazyData' is specified without a 'data' directory
Flavors: r-oldrel-macos-arm64, r-oldrel-macos-x86_64, r-oldrel-windows-x86_64