CRAN Package Check Results for Package PStrata

Last updated on 2025-05-04 03:51:02 CEST.

Flavor Version Tinstall Tcheck Ttotal Status Flags
r-devel-linux-x86_64-debian-clang 0.0.5 3.56 36.54 40.10 NOTE
r-devel-linux-x86_64-debian-gcc 0.0.5 2.45 28.23 30.68 NOTE
r-devel-linux-x86_64-fedora-clang 0.0.5 61.84 OK
r-devel-linux-x86_64-fedora-gcc 0.0.5 73.95 OK
r-devel-windows-x86_64 0.0.5 5.00 57.00 62.00 NOTE
r-patched-linux-x86_64 0.0.5 2.80 33.85 36.65 NOTE
r-release-linux-x86_64 NOTE
r-release-macos-arm64 0.0.5 29.00 OK
r-release-macos-x86_64 0.0.5 93.00 OK
r-release-windows-x86_64 0.0.5 4.00 55.00 59.00 NOTE
r-oldrel-macos-arm64 0.0.5 27.00 OK
r-oldrel-macos-x86_64 0.0.5 57.00 OK
r-oldrel-windows-x86_64 0.0.5 6.00 66.00 72.00 OK

Check Details

Version: 0.0.5
Check: CRAN incoming feasibility
Result: NOTE Maintainer: ‘Bo Liu <bl226@duke.edu>’ The Description field contains See Liu and Li (2023) <arXiv:2304.02740> for details. Please refer to arXiv e-prints via their arXiv DOI <doi:10.48550/arXiv.YYMM.NNNNN>. Flavors: r-devel-linux-x86_64-debian-clang, r-devel-linux-x86_64-debian-gcc

Version: 0.0.5
Check: Rd cross-references
Result: NOTE Found the following Rd file(s) with Rd \link{} targets missing package anchors: PStrata-package.Rd: lme4 Please provide package anchors for all Rd \link{} targets not in the package itself and the base packages. Flavors: r-devel-linux-x86_64-debian-clang, r-devel-linux-x86_64-debian-gcc, r-devel-windows-x86_64, r-patched-linux-x86_64, r-release-linux-x86_64, r-release-windows-x86_64