CRAN Package Check Results for Package PTAk

Last updated on 2025-05-04 03:51:02 CEST.

Flavor Version Tinstall Tcheck Ttotal Status Flags
r-devel-linux-x86_64-debian-clang 2.0.0 6.74 43.50 50.24 NOTE
r-devel-linux-x86_64-debian-gcc 2.0.0 4.33 31.87 36.20 NOTE
r-devel-linux-x86_64-fedora-clang 2.0.0 75.05 OK
r-devel-linux-x86_64-fedora-gcc 2.0.0 73.44 OK
r-devel-windows-x86_64 2.0.0 7.00 60.00 67.00 OK
r-patched-linux-x86_64 2.0.0 6.71 40.93 47.64 OK
r-release-linux-x86_64 OK
r-release-macos-arm64 2.0.0 28.00 OK
r-release-macos-x86_64 2.0.0 43.00 OK
r-release-windows-x86_64 2.0.0 7.00 61.00 68.00 OK
r-oldrel-macos-arm64 2.0.0 27.00 OK
r-oldrel-macos-x86_64 2.0.0 34.00 OK
r-oldrel-windows-x86_64 2.0.0 6.00 60.00 66.00 OK

Check Details

Version: 2.0.0
Check: CRAN incoming feasibility
Result: NOTE Maintainer: ‘Didier G. Leibovici <GeotRYcs@gmail.com>’ No Authors@R field in DESCRIPTION. Please add one, modifying Authors@R: person(given = c("Didier", "G."), family = "Leibovici", role = c("aut", "cre"), email = "doi:10.18637/jss.v034.i10", comment = "2010") as necessary. Flavors: r-devel-linux-x86_64-debian-clang, r-devel-linux-x86_64-debian-gcc