Last updated on 2025-10-31 02:50:40 CET.
| Flavor | Version | Tinstall | Tcheck | Ttotal | Status | Flags | 
|---|---|---|---|---|---|---|
| r-devel-linux-x86_64-debian-clang | 1.3.0.1 | 27.68 | 81.18 | 108.86 | OK | |
| r-devel-linux-x86_64-debian-gcc | 1.3.0.1 | 17.36 | 59.16 | 76.52 | OK | |
| r-devel-linux-x86_64-fedora-clang | 1.3.0.1 | 53.00 | 115.27 | 168.27 | NOTE | |
| r-devel-linux-x86_64-fedora-gcc | 1.3.0.1 | 57.00 | 102.50 | 159.50 | NOTE | |
| r-devel-windows-x86_64 | 1.3.0.1 | 22.00 | 107.00 | 129.00 | OK | |
| r-patched-linux-x86_64 | 1.3.0.1 | 20.37 | 77.89 | 98.26 | OK | |
| r-release-linux-x86_64 | 1.3.0.1 | 18.85 | 78.74 | 97.59 | OK | |
| r-release-macos-arm64 | 1.3.0.1 | 15.00 | 39.00 | 54.00 | OK | |
| r-release-macos-x86_64 | 1.3.0.1 | 24.00 | 68.00 | 92.00 | OK | |
| r-release-windows-x86_64 | 1.3.0.1 | 23.00 | 109.00 | 132.00 | OK | |
| r-oldrel-macos-arm64 | 1.3.0.1 | 12.00 | 36.00 | 48.00 | OK | |
| r-oldrel-macos-x86_64 | 1.3.0.1 | 20.00 | 84.00 | 104.00 | OK | |
| r-oldrel-windows-x86_64 | 1.3.0.1 | 30.00 | 132.00 | 162.00 | OK | 
Version: 1.3.0.1
Check: compiled code
Result: NOTE
  File ‘PWEALL/libs/PWEALL.so’:
    Found no calls to: ‘R_registerRoutines’, ‘R_useDynamicSymbols’
  
  It is good practice to register native routines and to disable symbol
  search.
  
  See ‘Writing portable packages’ in the ‘Writing R Extensions’ manual.
Flavors: r-devel-linux-x86_64-fedora-clang, r-devel-linux-x86_64-fedora-gcc