Last updated on 2025-05-04 03:51:01 CEST.
Flavor | Version | Tinstall | Tcheck | Ttotal | Status | Flags |
---|---|---|---|---|---|---|
r-devel-linux-x86_64-debian-clang | 1.39 | 8.33 | 62.43 | 70.76 | NOTE | |
r-devel-linux-x86_64-debian-gcc | 1.39 | 6.68 | 46.25 | 52.93 | NOTE | |
r-devel-linux-x86_64-fedora-clang | 1.39 | 111.17 | OK | |||
r-devel-linux-x86_64-fedora-gcc | 1.39 | 105.21 | OK | |||
r-devel-windows-x86_64 | 1.39 | 10.00 | 80.00 | 90.00 | OK | |
r-patched-linux-x86_64 | 1.39 | 8.55 | 60.60 | 69.15 | OK | |
r-release-linux-x86_64 | OK | |||||
r-release-macos-arm64 | 1.39 | 34.00 | OK | |||
r-release-macos-x86_64 | 1.39 | 66.00 | OK | |||
r-release-windows-x86_64 | 1.39 | 11.00 | 78.00 | 89.00 | OK | |
r-oldrel-macos-arm64 | 1.39 | 33.00 | OK | |||
r-oldrel-macos-x86_64 | 1.39 | 47.00 | OK | |||
r-oldrel-windows-x86_64 | 1.39 | 12.00 | 93.00 | 105.00 | OK |
Version: 1.39
Check: CRAN incoming feasibility
Result: NOTE
Maintainer: ‘Marcela Nunez Lemus <marcela.nunez.lemus@gmail.com>’
No Authors@R field in DESCRIPTION.
Please add one, modifying
Authors@R: c(person(given = c("Marcela", "Nunez"),
family = "Lemus",
role = c("aut", "cre"),
email = "marcela.nunez.lemus@gmail.com"),
person(given = c("Christian", "E."),
family = "Galarza",
role = "aut"),
person(given = c("Larissa", "Avila"),
family = "Matos",
role = "aut"),
person(given = c("Victor", "H"),
family = "Lachos",
role = "aut"))
as necessary.
Flavors: r-devel-linux-x86_64-debian-clang, r-devel-linux-x86_64-debian-gcc