Last updated on 2025-05-06 03:51:10 CEST.
Flavor | Version | Tinstall | Tcheck | Ttotal | Status | Flags |
---|---|---|---|---|---|---|
r-devel-linux-x86_64-debian-clang | 1.14 | 20.10 | 24.06 | 44.16 | OK | |
r-devel-linux-x86_64-debian-gcc | 1.15 | 14.13 | 19.13 | 33.26 | OK | |
r-devel-linux-x86_64-fedora-clang | 1.15 | 100.08 | OK | |||
r-devel-linux-x86_64-fedora-gcc | 1.15 | 86.51 | WARN | |||
r-devel-windows-x86_64 | 1.15 | 32.00 | 85.00 | 117.00 | OK | |
r-patched-linux-x86_64 | 1.14 | 18.91 | 22.77 | 41.68 | OK | |
r-release-linux-x86_64 | 1.14 | 18.79 | 22.63 | 41.42 | OK | |
r-release-macos-arm64 | 1.15 | 26.00 | OK | |||
r-release-macos-x86_64 | 1.15 | 39.00 | OK | |||
r-release-windows-x86_64 | 1.15 | 31.00 | 92.00 | 123.00 | OK | |
r-oldrel-macos-arm64 | 1.15 | 27.00 | OK | |||
r-oldrel-macos-x86_64 | 1.15 | 44.00 | OK | |||
r-oldrel-windows-x86_64 | 1.14 | 29.00 | 80.00 | 109.00 | OK |
Version: 1.15
Check: whether package can be installed
Result: WARN
Found the following significant warnings:
Cayley.cpp:338:54: warning: argument 1 range [18446744071562067968, 18446744073709551615] exceeds maximum object size 9223372036854775807 [-Walloc-size-larger-than=]
See ‘/data/gannet/ripley/R/packages/tests-devel/PerMallows.Rcheck/00install.out’ for details.
* used C compiler: ‘gcc-15 (GCC) 15.1.0’
* used C++ compiler: ‘g++-15 (GCC) 15.1.0’
Flavor: r-devel-linux-x86_64-fedora-gcc