CRAN Package Check Results for Package Phase12Compare

Last updated on 2025-05-06 03:51:11 CEST.

Flavor Version Tinstall Tcheck Ttotal Status Flags
r-devel-linux-x86_64-debian-clang 1.5 33.25 33.72 66.97 NOTE
r-devel-linux-x86_64-debian-gcc 1.5 21.86 24.55 46.41 NOTE
r-devel-linux-x86_64-fedora-clang 1.5 111.32 NOTE
r-devel-linux-x86_64-fedora-gcc 1.5 117.37 NOTE
r-devel-windows-x86_64 1.5 34.00 71.00 105.00 NOTE
r-patched-linux-x86_64 1.5 29.57 32.19 61.76 NOTE
r-release-linux-x86_64 1.5 29.58 32.51 62.09 NOTE
r-release-macos-arm64 1.5 33.00 NOTE
r-release-macos-x86_64 1.5 60.00 NOTE
r-release-windows-x86_64 1.5 34.00 74.00 108.00 NOTE
r-oldrel-macos-arm64 1.5 31.00 NOTE
r-oldrel-macos-x86_64 1.5 43.00 NOTE
r-oldrel-windows-x86_64 1.5 41.00 90.00 131.00 NOTE

Check Details

Version: 1.5
Check: CRAN incoming feasibility
Result: NOTE Maintainer: ‘Andrew G Chapple <achapp@lsuhsc.edu>’ No Authors@R field in DESCRIPTION. Please add one, modifying Authors@R: person(given = c("Andrew", "G"), family = "Chapple", role = c("aut", "cre"), email = "achapp@lsuhsc.edu") as necessary. Flavors: r-devel-linux-x86_64-debian-clang, r-devel-linux-x86_64-debian-gcc

Version: 1.5
Check: Rd files
Result: NOTE checkRd: (-1) GetEfftoxContour.Rd:37: Lost braces; missing escapes or markup? 37 | \item{Contour}{Contour vector for desirability function. Contains in order: (pi_{1,E},pi_{2,T},pi_{3,E},pi_{4,T}).} | ^ checkRd: (-1) GetEfftoxContour.Rd:37: Lost braces; missing escapes or markup? 37 | \item{Contour}{Contour vector for desirability function. Contains in order: (pi_{1,E},pi_{2,T},pi_{3,E},pi_{4,T}).} | ^ checkRd: (-1) GetEfftoxContour.Rd:37: Lost braces; missing escapes or markup? 37 | \item{Contour}{Contour vector for desirability function. Contains in order: (pi_{1,E},pi_{2,T},pi_{3,E},pi_{4,T}).} | ^ checkRd: (-1) GetEfftoxContour.Rd:37: Lost braces; missing escapes or markup? 37 | \item{Contour}{Contour vector for desirability function. Contains in order: (pi_{1,E},pi_{2,T},pi_{3,E},pi_{4,T}).} | ^ checkRd: (-1) GetEfftoxContour.Rd:47: Lost braces; missing escapes or markup? 47 | \item{HypermeansEFF}{Hypermeans for the Efftox model. In order, entries are hypermeans for (beta_{0,E},beta_{1,E},beta_{2,E},beta_{0,T},beta_{1,T},psi).} | ^ checkRd: (-1) GetEfftoxContour.Rd:47: Lost braces; missing escapes or markup? 47 | \item{HypermeansEFF}{Hypermeans for the Efftox model. In order, entries are hypermeans for (beta_{0,E},beta_{1,E},beta_{2,E},beta_{0,T},beta_{1,T},psi).} | ^ checkRd: (-1) GetEfftoxContour.Rd:47: Lost braces; missing escapes or markup? 47 | \item{HypermeansEFF}{Hypermeans for the Efftox model. In order, entries are hypermeans for (beta_{0,E},beta_{1,E},beta_{2,E},beta_{0,T},beta_{1,T},psi).} | ^ checkRd: (-1) GetEfftoxContour.Rd:47: Lost braces; missing escapes or markup? 47 | \item{HypermeansEFF}{Hypermeans for the Efftox model. In order, entries are hypermeans for (beta_{0,E},beta_{1,E},beta_{2,E},beta_{0,T},beta_{1,T},psi).} | ^ checkRd: (-1) GetEfftoxContour.Rd:47: Lost braces; missing escapes or markup? 47 | \item{HypermeansEFF}{Hypermeans for the Efftox model. In order, entries are hypermeans for (beta_{0,E},beta_{1,E},beta_{2,E},beta_{0,T},beta_{1,T},psi).} | ^ checkRd: (-1) GetEfftoxContour.Rd:49: Lost braces; missing escapes or markup? 49 | \item{HypervarsEFF}{Hypervariances for the Efftox model. In order, entries are hypervariances for (beta_{0,E},beta_{1,E},beta_{2,E},beta_{0,T},beta_{1,T},psi).} | ^ checkRd: (-1) GetEfftoxContour.Rd:49: Lost braces; missing escapes or markup? 49 | \item{HypervarsEFF}{Hypervariances for the Efftox model. In order, entries are hypervariances for (beta_{0,E},beta_{1,E},beta_{2,E},beta_{0,T},beta_{1,T},psi).} | ^ checkRd: (-1) GetEfftoxContour.Rd:49: Lost braces; missing escapes or markup? 49 | \item{HypervarsEFF}{Hypervariances for the Efftox model. In order, entries are hypervariances for (beta_{0,E},beta_{1,E},beta_{2,E},beta_{0,T},beta_{1,T},psi).} | ^ checkRd: (-1) GetEfftoxContour.Rd:49: Lost braces; missing escapes or markup? 49 | \item{HypervarsEFF}{Hypervariances for the Efftox model. In order, entries are hypervariances for (beta_{0,E},beta_{1,E},beta_{2,E},beta_{0,T},beta_{1,T},psi).} | ^ checkRd: (-1) GetEfftoxContour.Rd:49: Lost braces; missing escapes or markup? 49 | \item{HypervarsEFF}{Hypervariances for the Efftox model. In order, entries are hypervariances for (beta_{0,E},beta_{1,E},beta_{2,E},beta_{0,T},beta_{1,T},psi).} | ^ checkRd: (-1) GetEfftoxUt.Rd:47: Lost braces; missing escapes or markup? 47 | \item{HypermeansEFF}{Hypermeans for the Efftox model. In order, entries are hypermeans for (beta_{0,E},beta_{1,E},beta_{2,E},beta_{0,T},beta_{1,T},psi).} | ^ checkRd: (-1) GetEfftoxUt.Rd:47: Lost braces; missing escapes or markup? 47 | \item{HypermeansEFF}{Hypermeans for the Efftox model. In order, entries are hypermeans for (beta_{0,E},beta_{1,E},beta_{2,E},beta_{0,T},beta_{1,T},psi).} | ^ checkRd: (-1) GetEfftoxUt.Rd:47: Lost braces; missing escapes or markup? 47 | \item{HypermeansEFF}{Hypermeans for the Efftox model. In order, entries are hypermeans for (beta_{0,E},beta_{1,E},beta_{2,E},beta_{0,T},beta_{1,T},psi).} | ^ checkRd: (-1) GetEfftoxUt.Rd:47: Lost braces; missing escapes or markup? 47 | \item{HypermeansEFF}{Hypermeans for the Efftox model. In order, entries are hypermeans for (beta_{0,E},beta_{1,E},beta_{2,E},beta_{0,T},beta_{1,T},psi).} | ^ checkRd: (-1) GetEfftoxUt.Rd:47: Lost braces; missing escapes or markup? 47 | \item{HypermeansEFF}{Hypermeans for the Efftox model. In order, entries are hypermeans for (beta_{0,E},beta_{1,E},beta_{2,E},beta_{0,T},beta_{1,T},psi).} | ^ checkRd: (-1) GetEfftoxUt.Rd:49: Lost braces; missing escapes or markup? 49 | \item{HypervarsEFF}{Hypervariances for the Efftox model. In order, entries are hypervariances for (beta_{0,E},beta_{1,E},beta_{2,E},beta_{0,T},beta_{1,T},psi).} | ^ checkRd: (-1) GetEfftoxUt.Rd:49: Lost braces; missing escapes or markup? 49 | \item{HypervarsEFF}{Hypervariances for the Efftox model. In order, entries are hypervariances for (beta_{0,E},beta_{1,E},beta_{2,E},beta_{0,T},beta_{1,T},psi).} | ^ checkRd: (-1) GetEfftoxUt.Rd:49: Lost braces; missing escapes or markup? 49 | \item{HypervarsEFF}{Hypervariances for the Efftox model. In order, entries are hypervariances for (beta_{0,E},beta_{1,E},beta_{2,E},beta_{0,T},beta_{1,T},psi).} | ^ checkRd: (-1) GetEfftoxUt.Rd:49: Lost braces; missing escapes or markup? 49 | \item{HypervarsEFF}{Hypervariances for the Efftox model. In order, entries are hypervariances for (beta_{0,E},beta_{1,E},beta_{2,E},beta_{0,T},beta_{1,T},psi).} | ^ checkRd: (-1) GetEfftoxUt.Rd:49: Lost braces; missing escapes or markup? 49 | \item{HypervarsEFF}{Hypervariances for the Efftox model. In order, entries are hypervariances for (beta_{0,E},beta_{1,E},beta_{2,E},beta_{0,T},beta_{1,T},psi).} | ^ checkRd: (-1) GetSpsoContour.Rd:35: Lost braces; missing escapes or markup? 35 | \item{Contour}{Contour vector for desirability function. Contains in order: (pi_{1,E},pi_{2,T},pi_{3,E},pi_{4,T}).} | ^ checkRd: (-1) GetSpsoContour.Rd:35: Lost braces; missing escapes or markup? 35 | \item{Contour}{Contour vector for desirability function. Contains in order: (pi_{1,E},pi_{2,T},pi_{3,E},pi_{4,T}).} | ^ checkRd: (-1) GetSpsoContour.Rd:35: Lost braces; missing escapes or markup? 35 | \item{Contour}{Contour vector for desirability function. Contains in order: (pi_{1,E},pi_{2,T},pi_{3,E},pi_{4,T}).} | ^ checkRd: (-1) GetSpsoContour.Rd:35: Lost braces; missing escapes or markup? 35 | \item{Contour}{Contour vector for desirability function. Contains in order: (pi_{1,E},pi_{2,T},pi_{3,E},pi_{4,T}).} | ^ checkRd: (-1) SimEfftoxContour.Rd:39: Lost braces; missing escapes or markup? 39 | \item{Contour}{Contour vector for desirability function. Contains in order: (pi_{1,E},pi_{2,T},pi_{3,E},pi_{4,T}).} | ^ checkRd: (-1) SimEfftoxContour.Rd:39: Lost braces; missing escapes or markup? 39 | \item{Contour}{Contour vector for desirability function. Contains in order: (pi_{1,E},pi_{2,T},pi_{3,E},pi_{4,T}).} | ^ checkRd: (-1) SimEfftoxContour.Rd:39: Lost braces; missing escapes or markup? 39 | \item{Contour}{Contour vector for desirability function. Contains in order: (pi_{1,E},pi_{2,T},pi_{3,E},pi_{4,T}).} | ^ checkRd: (-1) SimEfftoxContour.Rd:39: Lost braces; missing escapes or markup? 39 | \item{Contour}{Contour vector for desirability function. Contains in order: (pi_{1,E},pi_{2,T},pi_{3,E},pi_{4,T}).} | ^ checkRd: (-1) SimEfftoxContour.Rd:49: Lost braces; missing escapes or markup? 49 | \item{HypermeansEFF}{Hypermeans for the Efftox model. In order, entries are hypermeans for (beta_{0,E},beta_{1,E},beta_{2,E},beta_{0,T},beta_{1,T},psi).} | ^ checkRd: (-1) SimEfftoxContour.Rd:49: Lost braces; missing escapes or markup? 49 | \item{HypermeansEFF}{Hypermeans for the Efftox model. In order, entries are hypermeans for (beta_{0,E},beta_{1,E},beta_{2,E},beta_{0,T},beta_{1,T},psi).} | ^ checkRd: (-1) SimEfftoxContour.Rd:49: Lost braces; missing escapes or markup? 49 | \item{HypermeansEFF}{Hypermeans for the Efftox model. In order, entries are hypermeans for (beta_{0,E},beta_{1,E},beta_{2,E},beta_{0,T},beta_{1,T},psi).} | ^ checkRd: (-1) SimEfftoxContour.Rd:49: Lost braces; missing escapes or markup? 49 | \item{HypermeansEFF}{Hypermeans for the Efftox model. In order, entries are hypermeans for (beta_{0,E},beta_{1,E},beta_{2,E},beta_{0,T},beta_{1,T},psi).} | ^ checkRd: (-1) SimEfftoxContour.Rd:49: Lost braces; missing escapes or markup? 49 | \item{HypermeansEFF}{Hypermeans for the Efftox model. In order, entries are hypermeans for (beta_{0,E},beta_{1,E},beta_{2,E},beta_{0,T},beta_{1,T},psi).} | ^ checkRd: (-1) SimEfftoxContour.Rd:51: Lost braces; missing escapes or markup? 51 | \item{HypervarsEFF}{Hypervariances for the Efftox model. In order, entries are hypervariances for (beta_{0,E},beta_{1,E},beta_{2,E},beta_{0,T},beta_{1,T},psi).} | ^ checkRd: (-1) SimEfftoxContour.Rd:51: Lost braces; missing escapes or markup? 51 | \item{HypervarsEFF}{Hypervariances for the Efftox model. In order, entries are hypervariances for (beta_{0,E},beta_{1,E},beta_{2,E},beta_{0,T},beta_{1,T},psi).} | ^ checkRd: (-1) SimEfftoxContour.Rd:51: Lost braces; missing escapes or markup? 51 | \item{HypervarsEFF}{Hypervariances for the Efftox model. In order, entries are hypervariances for (beta_{0,E},beta_{1,E},beta_{2,E},beta_{0,T},beta_{1,T},psi).} | ^ checkRd: (-1) SimEfftoxContour.Rd:51: Lost braces; missing escapes or markup? 51 | \item{HypervarsEFF}{Hypervariances for the Efftox model. In order, entries are hypervariances for (beta_{0,E},beta_{1,E},beta_{2,E},beta_{0,T},beta_{1,T},psi).} | ^ checkRd: (-1) SimEfftoxContour.Rd:51: Lost braces; missing escapes or markup? 51 | \item{HypervarsEFF}{Hypervariances for the Efftox model. In order, entries are hypervariances for (beta_{0,E},beta_{1,E},beta_{2,E},beta_{0,T},beta_{1,T},psi).} | ^ checkRd: (-1) SimEfftoxUt.Rd:49: Lost braces; missing escapes or markup? 49 | \item{HypermeansEFF}{Hypermeans for the Efftox model. In order, entries are hypermeans for (beta_{0,E},beta_{1,E},beta_{2,E},beta_{0,T},beta_{1,T},psi).} | ^ checkRd: (-1) SimEfftoxUt.Rd:49: Lost braces; missing escapes or markup? 49 | \item{HypermeansEFF}{Hypermeans for the Efftox model. In order, entries are hypermeans for (beta_{0,E},beta_{1,E},beta_{2,E},beta_{0,T},beta_{1,T},psi).} | ^ checkRd: (-1) SimEfftoxUt.Rd:49: Lost braces; missing escapes or markup? 49 | \item{HypermeansEFF}{Hypermeans for the Efftox model. In order, entries are hypermeans for (beta_{0,E},beta_{1,E},beta_{2,E},beta_{0,T},beta_{1,T},psi).} | ^ checkRd: (-1) SimEfftoxUt.Rd:49: Lost braces; missing escapes or markup? 49 | \item{HypermeansEFF}{Hypermeans for the Efftox model. In order, entries are hypermeans for (beta_{0,E},beta_{1,E},beta_{2,E},beta_{0,T},beta_{1,T},psi).} | ^ checkRd: (-1) SimEfftoxUt.Rd:49: Lost braces; missing escapes or markup? 49 | \item{HypermeansEFF}{Hypermeans for the Efftox model. In order, entries are hypermeans for (beta_{0,E},beta_{1,E},beta_{2,E},beta_{0,T},beta_{1,T},psi).} | ^ checkRd: (-1) SimEfftoxUt.Rd:51: Lost braces; missing escapes or markup? 51 | \item{HypervarsEFF}{Hypervariances for the Efftox model. In order, entries are hypervariances for (beta_{0,E},beta_{1,E},beta_{2,E},beta_{0,T},beta_{1,T},psi).} | ^ checkRd: (-1) SimEfftoxUt.Rd:51: Lost braces; missing escapes or markup? 51 | \item{HypervarsEFF}{Hypervariances for the Efftox model. In order, entries are hypervariances for (beta_{0,E},beta_{1,E},beta_{2,E},beta_{0,T},beta_{1,T},psi).} | ^ checkRd: (-1) SimEfftoxUt.Rd:51: Lost braces; missing escapes or markup? 51 | \item{HypervarsEFF}{Hypervariances for the Efftox model. In order, entries are hypervariances for (beta_{0,E},beta_{1,E},beta_{2,E},beta_{0,T},beta_{1,T},psi).} | ^ checkRd: (-1) SimEfftoxUt.Rd:51: Lost braces; missing escapes or markup? 51 | \item{HypervarsEFF}{Hypervariances for the Efftox model. In order, entries are hypervariances for (beta_{0,E},beta_{1,E},beta_{2,E},beta_{0,T},beta_{1,T},psi).} | ^ checkRd: (-1) SimEfftoxUt.Rd:51: Lost braces; missing escapes or markup? 51 | \item{HypervarsEFF}{Hypervariances for the Efftox model. In order, entries are hypervariances for (beta_{0,E},beta_{1,E},beta_{2,E},beta_{0,T},beta_{1,T},psi).} | ^ checkRd: (-1) SimSpsoContour.Rd:37: Lost braces; missing escapes or markup? 37 | \item{Contour}{Contour vector for desirability function. Contains in order: (pi_{1,E},pi_{2,T},pi_{3,E},pi_{4,T}).} | ^ checkRd: (-1) SimSpsoContour.Rd:37: Lost braces; missing escapes or markup? 37 | \item{Contour}{Contour vector for desirability function. Contains in order: (pi_{1,E},pi_{2,T},pi_{3,E},pi_{4,T}).} | ^ checkRd: (-1) SimSpsoContour.Rd:37: Lost braces; missing escapes or markup? 37 | \item{Contour}{Contour vector for desirability function. Contains in order: (pi_{1,E},pi_{2,T},pi_{3,E},pi_{4,T}).} | ^ checkRd: (-1) SimSpsoContour.Rd:37: Lost braces; missing escapes or markup? 37 | \item{Contour}{Contour vector for desirability function. Contains in order: (pi_{1,E},pi_{2,T},pi_{3,E},pi_{4,T}).} | ^ Flavors: r-devel-linux-x86_64-debian-clang, r-devel-linux-x86_64-debian-gcc, r-devel-linux-x86_64-fedora-clang, r-devel-linux-x86_64-fedora-gcc, r-devel-windows-x86_64, r-patched-linux-x86_64, r-release-linux-x86_64, r-release-macos-arm64, r-release-macos-x86_64, r-release-windows-x86_64, r-oldrel-macos-arm64, r-oldrel-macos-x86_64, r-oldrel-windows-x86_64