Last updated on 2025-05-06 03:51:11 CEST.
Flavor | Version | Tinstall | Tcheck | Ttotal | Status | Flags |
---|---|---|---|---|---|---|
r-devel-linux-x86_64-debian-clang | 1.0.2.1 | 2.17 | 21.44 | 23.61 | NOTE | |
r-devel-linux-x86_64-debian-gcc | 1.0.2.1 | 1.64 | 16.85 | 18.49 | NOTE | |
r-devel-linux-x86_64-fedora-clang | 1.0.2.1 | 37.22 | OK | |||
r-devel-linux-x86_64-fedora-gcc | 1.0.2.1 | 36.17 | OK | |||
r-devel-windows-x86_64 | 1.0.2.1 | 3.00 | 53.00 | 56.00 | OK | |
r-patched-linux-x86_64 | 1.0.2.1 | 2.19 | 20.83 | 23.02 | OK | |
r-release-linux-x86_64 | 1.0.2.1 | 2.00 | 21.00 | 23.00 | OK | |
r-release-macos-arm64 | 1.0.2.1 | 16.00 | OK | |||
r-release-macos-x86_64 | 1.0.2.1 | 25.00 | OK | |||
r-release-windows-x86_64 | 1.0.2.1 | 3.00 | 47.00 | 50.00 | OK | |
r-oldrel-macos-arm64 | 1.0.2.1 | 16.00 | OK | |||
r-oldrel-macos-x86_64 | 1.0.2.1 | 22.00 | OK | |||
r-oldrel-windows-x86_64 | 1.0.2.1 | 3.00 | 45.00 | 48.00 | OK |
Version: 1.0.2.1
Check: CRAN incoming feasibility
Result: NOTE
Maintainer: ‘Daniela Witten <dwitten@u.washington.edu>’
No Authors@R field in DESCRIPTION.
Please add one, modifying
Authors@R: person(given = "Daniela",
family = "Witten",
role = c("aut", "cre"),
email = "dwitten@u.washington.edu")
as necessary.
Flavors: r-devel-linux-x86_64-debian-clang, r-devel-linux-x86_64-debian-gcc