Last updated on 2025-05-04 03:51:02 CEST.
Flavor | Version | Tinstall | Tcheck | Ttotal | Status | Flags |
---|---|---|---|---|---|---|
r-devel-linux-x86_64-debian-clang | 1.3.3 | 7.71 | 56.47 | 64.18 | NOTE | |
r-devel-linux-x86_64-debian-gcc | 1.3.3 | 6.01 | 41.04 | 47.05 | NOTE | |
r-devel-linux-x86_64-fedora-clang | 1.3.3 | 99.39 | OK | |||
r-devel-linux-x86_64-fedora-gcc | 1.3.3 | 95.38 | OK | |||
r-devel-windows-x86_64 | 1.3.3 | 9.00 | 71.00 | 80.00 | OK | |
r-patched-linux-x86_64 | 1.3.3 | 7.00 | 54.13 | 61.13 | OK | |
r-release-linux-x86_64 | OK | |||||
r-release-macos-arm64 | 1.3.3 | 33.00 | OK | |||
r-release-macos-x86_64 | 1.3.3 | 58.00 | OK | |||
r-release-windows-x86_64 | 1.3.3 | 8.00 | 70.00 | 78.00 | OK | |
r-oldrel-macos-arm64 | 1.3.3 | 29.00 | OK | |||
r-oldrel-macos-x86_64 | 1.3.3 | 44.00 | OK | |||
r-oldrel-windows-x86_64 | 1.3.3 | 11.00 | 82.00 | 93.00 | OK |
Version: 1.3.3
Check: CRAN incoming feasibility
Result: NOTE
Maintainer: ‘Ran Gao <rgao8@uic.edu>’
No Authors@R field in DESCRIPTION.
Please add one, modifying
Authors@R: c(person(given = "Gul",
family = "Inan",
role = "aut"),
person(given = "Hakan",
family = "Demirtas",
role = "aut"),
person(given = "Ran",
family = "Gao",
role = c("aut", "cre"),
email = "rgao8@uic.edu"))
as necessary.
Flavors: r-devel-linux-x86_64-debian-clang, r-devel-linux-x86_64-debian-gcc