Last updated on 2025-05-06 03:51:11 CEST.
Flavor | Version | Tinstall | Tcheck | Ttotal | Status | Flags |
---|---|---|---|---|---|---|
r-devel-linux-x86_64-debian-clang | 1.0.1 | 6.23 | 308.50 | 314.73 | NOTE | |
r-devel-linux-x86_64-debian-gcc | 1.0.1 | 5.35 | 148.67 | 154.02 | NOTE | |
r-devel-linux-x86_64-fedora-clang | 1.0.1 | 531.28 | OK | |||
r-devel-linux-x86_64-fedora-gcc | 1.0.1 | 527.03 | OK | |||
r-devel-windows-x86_64 | 1.0.1 | 7.00 | 200.00 | 207.00 | OK | |
r-patched-linux-x86_64 | 1.0.1 | 6.33 | 260.03 | 266.36 | OK | |
r-release-linux-x86_64 | 1.0.1 | 6.30 | 264.94 | 271.24 | OK | |
r-release-macos-arm64 | 1.0.1 | 92.00 | OK | |||
r-release-macos-x86_64 | 1.0.1 | 237.00 | OK | |||
r-release-windows-x86_64 | 1.0.1 | 8.00 | 196.00 | 204.00 | OK | |
r-oldrel-macos-arm64 | 1.0.1 | 96.00 | OK | |||
r-oldrel-macos-x86_64 | 1.0.1 | 177.00 | OK | |||
r-oldrel-windows-x86_64 | 1.0.1 | 6.00 | 271.00 | 277.00 | OK |
Version: 1.0.1
Check: CRAN incoming feasibility
Result: NOTE
Maintainer: ‘Roeland E. Voorrips <roeland.voorrips@wur.nl>’
No Authors@R field in DESCRIPTION.
Please add one, modifying
Authors@R: person(given = c("Roeland", "E."),
family = "Voorrips",
role = c("aut", "cre"),
email = "roeland.voorrips@wur.nl")
as necessary.
Flavors: r-devel-linux-x86_64-debian-clang, r-devel-linux-x86_64-debian-gcc