Last updated on 2025-05-04 03:51:02 CEST.
Flavor | Version | Tinstall | Tcheck | Ttotal | Status | Flags |
---|---|---|---|---|---|---|
r-devel-linux-x86_64-debian-clang | 1.0.1 | 9.77 | 117.81 | 127.58 | NOTE | |
r-devel-linux-x86_64-debian-gcc | 1.0.1 | 7.60 | 82.08 | 89.68 | NOTE | |
r-devel-linux-x86_64-fedora-clang | 1.0.1 | 193.26 | NOTE | |||
r-devel-linux-x86_64-fedora-gcc | 1.0.1 | 184.99 | NOTE | |||
r-devel-windows-x86_64 | 1.0.1 | 11.00 | 116.00 | 127.00 | NOTE | |
r-patched-linux-x86_64 | 1.0.1 | 10.82 | 107.79 | 118.61 | NOTE | |
r-release-linux-x86_64 | NOTE | |||||
r-release-macos-arm64 | 1.0.1 | 51.00 | NOTE | |||
r-release-macos-x86_64 | 1.0.1 | 98.00 | NOTE | |||
r-release-windows-x86_64 | 1.0.1 | 12.00 | 115.00 | 127.00 | NOTE | |
r-oldrel-macos-arm64 | 1.0.1 | 52.00 | NOTE | |||
r-oldrel-macos-x86_64 | 1.0.1 | 83.00 | NOTE | |||
r-oldrel-windows-x86_64 | 1.0.1 | 14.00 | 151.00 | 165.00 | NOTE |
Version: 1.0.1
Check: CRAN incoming feasibility
Result: NOTE
Maintainer: ‘Claus Weihs <claus.weihs@tu-dortmund.de>’
The Description field contains
<arXiv:2103.02336>; -- Weihs, C., Buschfeld, S. (2021b) "NesPrInDT:
Nested undersampling in PrInDT" <arXiv:2103.14931>; -- Weihs, C.,
ensembles" <arXiv:2108.05129>.
Please refer to arXiv e-prints via their arXiv DOI <doi:10.48550/arXiv.YYMM.NNNNN>.
Flavors: r-devel-linux-x86_64-debian-clang, r-devel-linux-x86_64-debian-gcc
Version: 1.0.1
Check: Rd files
Result: NOTE
checkRd: (-1) NesPrInDT.Rd:17: Lost braces
17 | {see function \code{\link{PrInDT}} for details.}\cr
| ^
checkRd: (-1) PrInDTAll.Rd:16: Lost braces
16 | {see function \code{\link{PrInDT}} for details.}\cr
| ^
checkRd: (-1) PrInDTAllparts.Rd:17: Lost braces
17 | {see function \code{\link{PrInDT}} for details.}\cr
| ^
checkRd: (-1) PrInDTMulab.Rd:17: Lost braces
17 | {see function \code{\link{PrInDT}} for details.}\cr
| ^
checkRd: (-1) PrInDTMulabAll.Rd:17: Lost braces
17 | {see function \code{\link{PrInDT}} for details.}\cr
| ^
checkRd: (-1) PrInDTMulev.Rd:16: Lost braces
16 | {see function \code{\link{PrInDT}} for details.}\cr
| ^
checkRd: (-1) PrInDTMulevAll.Rd:16: Lost braces
16 | {see function \code{\link{PrInDT}} for details.}\cr
| ^
checkRd: (-1) PrInDTreg.Rd:16: Lost braces
16 | {see function \code{\link{PrInDT}} for details.}\cr
| ^
checkRd: (-1) PrInDTregAll.Rd:16: Lost braces
16 | {see function \code{\link{PrInDT}} for details.}\cr
| ^
checkRd: (-1) RePrInDT.Rd:17: Lost braces
17 | {see function \code{\link{PrInDT}} for details.}\cr
| ^
Flavors: r-devel-linux-x86_64-debian-clang, r-devel-linux-x86_64-debian-gcc, r-devel-linux-x86_64-fedora-clang, r-devel-linux-x86_64-fedora-gcc, r-devel-windows-x86_64, r-patched-linux-x86_64, r-release-linux-x86_64, r-release-macos-arm64, r-release-macos-x86_64, r-release-windows-x86_64, r-oldrel-macos-arm64, r-oldrel-macos-x86_64, r-oldrel-windows-x86_64
Version: 1.0.1
Check: dependencies in R code
Result: NOTE
Namespace in Imports field not imported from: ‘stringr’
All declared Imports should be used.
Flavors: r-devel-linux-x86_64-fedora-clang, r-devel-linux-x86_64-fedora-gcc