Last updated on 2025-05-04 03:51:02 CEST.
Flavor | Version | Tinstall | Tcheck | Ttotal | Status | Flags |
---|---|---|---|---|---|---|
r-devel-linux-x86_64-debian-clang | 1.1 | 2.18 | 24.76 | 26.94 | NOTE | |
r-devel-linux-x86_64-debian-gcc | 1.1 | 1.72 | 20.14 | 21.86 | NOTE | |
r-devel-linux-x86_64-fedora-clang | 1.1 | 42.00 | OK | |||
r-devel-linux-x86_64-fedora-gcc | 1.1 | 39.86 | OK | |||
r-devel-windows-x86_64 | 1.1 | 4.00 | 48.00 | 52.00 | OK | |
r-patched-linux-x86_64 | 1.1 | 2.35 | 23.73 | 26.08 | OK | |
r-release-linux-x86_64 | OK | |||||
r-release-macos-arm64 | 1.1 | 21.00 | OK | |||
r-release-macos-x86_64 | 1.1 | 29.00 | OK | |||
r-release-windows-x86_64 | 1.1 | 3.00 | 48.00 | 51.00 | OK | |
r-oldrel-macos-arm64 | 1.1 | 20.00 | OK | |||
r-oldrel-macos-x86_64 | 1.1 | 26.00 | OK | |||
r-oldrel-windows-x86_64 | 1.1 | 4.00 | 52.00 | 56.00 | OK |
Version: 1.1
Check: CRAN incoming feasibility
Result: NOTE
Maintainer: ‘Trevor Hastie <hastie@stanford.edu>’
No Authors@R field in DESCRIPTION.
Please add one, modifying
Authors@R: c(person(given = "Trevor",
family = "Hastie",
role = c("aut", "cre"),
email = "hastie@stanford.edu"),
person(given = "Rob",
family = "Tibshirani",
role = "aut"))
as necessary.
Flavors: r-devel-linux-x86_64-debian-clang, r-devel-linux-x86_64-debian-gcc