CRAN Package Check Results for Package ProbYX

Last updated on 2025-05-03 03:52:07 CEST.

Flavor Version Tinstall Tcheck Ttotal Status Flags
r-devel-linux-x86_64-debian-clang 1.1-0.1 3.10 30.71 33.81 NOTE
r-devel-linux-x86_64-debian-gcc 1.1-0.1 2.22 22.03 24.25 NOTE
r-devel-linux-x86_64-fedora-clang 1.1-0.1 55.72 OK
r-devel-linux-x86_64-fedora-gcc 1.1-0.1 51.06 OK
r-devel-windows-x86_64 1.1-0.1 3.00 49.00 52.00 OK
r-patched-linux-x86_64 1.1-0.1 2.63 30.58 33.21 OK
r-release-linux-x86_64 OK
r-release-macos-arm64 1.1-0.1 20.00 OK
r-release-macos-x86_64 1.1-0.1 32.00 OK
r-release-windows-x86_64 1.1-0.1 5.00 49.00 54.00 OK
r-oldrel-macos-arm64 1.1-0.1 23.00 OK
r-oldrel-macos-x86_64 1.1-0.1 32.00 OK
r-oldrel-windows-x86_64 1.1-0.1 3.00 47.00 50.00 OK

Check Details

Version: 1.1-0.1
Check: CRAN incoming feasibility
Result: NOTE Maintainer: ‘Giuliana Cortese <gcortese@stat.unipd.it>’ No Authors@R field in DESCRIPTION. Please add one, modifying Authors@R: person(given = "Giuliana", family = "Cortese", role = c("aut", "cre"), email = "gcortese@stat.unipd.it") as necessary. Flavors: r-devel-linux-x86_64-debian-clang, r-devel-linux-x86_64-debian-gcc