Last updated on 2025-10-31 02:50:39 CET.
| Flavor | Version | Tinstall | Tcheck | Ttotal | Status | Flags | 
|---|---|---|---|---|---|---|
| r-devel-linux-x86_64-debian-clang | 1.4-7 | 8.03 | 22.65 | 30.68 | NOTE | |
| r-devel-linux-x86_64-debian-gcc | 1.4-7 | 6.35 | 18.54 | 24.89 | NOTE | |
| r-devel-linux-x86_64-fedora-clang | 1.4-7 | 19.00 | 27.82 | 46.82 | OK | |
| r-devel-linux-x86_64-fedora-gcc | 1.4-7 | 20.00 | 25.96 | 45.96 | OK | |
| r-devel-windows-x86_64 | 1.4-7 | 11.00 | 44.00 | 55.00 | OK | |
| r-patched-linux-x86_64 | 1.4-7 | 9.08 | 21.39 | 30.47 | OK | |
| r-release-linux-x86_64 | 1.4-7 | 8.72 | 21.38 | 30.10 | OK | |
| r-release-macos-arm64 | 1.4-7 | 6.00 | 15.00 | 21.00 | OK | |
| r-release-macos-x86_64 | 1.4-7 | 11.00 | 21.00 | 32.00 | OK | |
| r-release-windows-x86_64 | 1.4-7 | 12.00 | 48.00 | 60.00 | OK | |
| r-oldrel-macos-arm64 | 1.4-7 | 6.00 | 13.00 | 19.00 | OK | |
| r-oldrel-macos-x86_64 | 1.4-7 | 8.00 | 18.00 | 26.00 | OK | |
| r-oldrel-windows-x86_64 | 1.4-7 | 14.00 | 51.00 | 65.00 | OK | 
Version: 1.4-7
Check: CRAN incoming feasibility
Result: NOTE
  Maintainer: ‘Peter Langfelder <Peter.Langfelder@gmail.com>’
  
  No Authors@R field in DESCRIPTION.
  Please add one, modifying
    Authors@R: c(person(given = c("John", "Michael", "O"),
                        family = "Ranola",
                        role = "aut"),
                 person(given = "Kenneth",
                        family = "Lange",
                        role = "aut"),
                 person(given = "Steve",
                        family = "Horvath",
                        role = "aut"),
                 person(given = "Peter",
                        family = "Langfelder",
                        role = c("aut", "cre"),
                        email = "peter.langfelder@gmail.com"))
  as necessary.
Flavors: r-devel-linux-x86_64-debian-clang, r-devel-linux-x86_64-debian-gcc