CRAN Package Check Results for Package Q7

Last updated on 2025-05-06 03:51:12 CEST.

Flavor Version Tinstall Tcheck Ttotal Status Flags
r-devel-linux-x86_64-debian-clang 0.1.0 1.92 24.69 26.61 OK
r-devel-linux-x86_64-debian-gcc 0.1.0 1.46 20.01 21.47 OK
r-devel-linux-x86_64-fedora-clang 0.1.0 40.83 OK
r-devel-linux-x86_64-fedora-gcc 0.1.0 53.44 OK
r-devel-windows-x86_64 0.1.0 2.00 47.00 49.00 OK
r-patched-linux-x86_64 0.1.0 1.91 23.10 25.01 OK
r-release-linux-x86_64 0.1.0 1.83 22.98 24.81 OK
r-release-macos-arm64 0.1.0 29.00 OK
r-release-macos-x86_64 0.1.0 41.00 OK
r-release-windows-x86_64 0.1.0 4.00 46.00 50.00 OK
r-oldrel-macos-arm64 0.1.0 25.00 NOTE
r-oldrel-macos-x86_64 0.1.0 33.00 NOTE
r-oldrel-windows-x86_64 0.1.0 3.00 51.00 54.00 NOTE

Check Details

Version: 0.1.0
Check: LazyData
Result: NOTE 'LazyData' is specified without a 'data' directory Flavors: r-oldrel-macos-arm64, r-oldrel-macos-x86_64, r-oldrel-windows-x86_64