CRAN Package Check Results for Package Qapprox

Last updated on 2025-05-07 03:51:10 CEST.

Flavor Version Tinstall Tcheck Ttotal Status Flags
r-devel-linux-x86_64-debian-clang 0.2.0 1.85 16.80 18.65 NOTE
r-devel-linux-x86_64-debian-gcc 0.2.0 1.46 13.83 15.29 NOTE
r-devel-linux-x86_64-fedora-clang 0.2.0 29.44 OK
r-devel-linux-x86_64-fedora-gcc 0.2.0 27.74 OK
r-devel-windows-x86_64 0.2.0 3.00 37.00 40.00 OK
r-patched-linux-x86_64 0.2.0 1.77 16.06 17.83 OK
r-release-linux-x86_64 0.2.0 1.70 16.11 17.81 OK
r-release-macos-arm64 0.2.0 18.00 OK
r-release-macos-x86_64 0.2.0 21.00 OK
r-release-windows-x86_64 0.2.0 4.00 37.00 41.00 OK
r-oldrel-macos-arm64 0.2.0 15.00 OK
r-oldrel-macos-x86_64 0.2.0 19.00 OK
r-oldrel-windows-x86_64 0.2.0 2.00 37.00 39.00 OK

Check Details

Version: 0.2.0
Check: CRAN incoming feasibility
Result: NOTE Maintainer: ‘Hong Zhang <hzhang@wpi.edu>’ No Authors@R field in DESCRIPTION. Please add one, modifying Authors@R: person(given = "Hong", family = "Zhang", role = c("aut", "cre"), email = "hzhang@wpi.edu") as necessary. The Description field contains <arXiv:2005.00905>. Please refer to arXiv e-prints via their arXiv DOI <doi:10.48550/arXiv.YYMM.NNNNN>. Flavors: r-devel-linux-x86_64-debian-clang, r-devel-linux-x86_64-debian-gcc