Last updated on 2025-05-06 03:51:12 CEST.
Flavor | Version | Tinstall | Tcheck | Ttotal | Status | Flags |
---|---|---|---|---|---|---|
r-devel-linux-x86_64-debian-clang | 1.7.0 | 88.46 | 23.93 | 112.39 | OK | |
r-devel-linux-x86_64-debian-gcc | 1.7.0 | 80.82 | 19.98 | 100.80 | OK | |
r-devel-linux-x86_64-fedora-clang | 1.7.0 | 191.88 | OK | |||
r-devel-linux-x86_64-fedora-gcc | 1.7.0 | 258.90 | OK | |||
r-devel-windows-x86_64 | 1.7.0 | 126.00 | 60.00 | 186.00 | OK | |
r-patched-linux-x86_64 | 1.7.0 | 95.44 | 22.37 | 117.81 | OK | |
r-release-linux-x86_64 | 1.7.0 | 95.31 | 22.34 | 117.65 | OK | |
r-release-macos-arm64 | 1.7.0 | 74.00 | OK | |||
r-release-macos-x86_64 | 1.7.0 | 156.00 | OK | |||
r-release-windows-x86_64 | 1.7.0 | 124.00 | 59.00 | 183.00 | OK | |
r-oldrel-macos-arm64 | 1.7.0 | 98.00 | NOTE | |||
r-oldrel-macos-x86_64 | 1.7.0 | 230.00 | NOTE | |||
r-oldrel-windows-x86_64 | 1.7.0 | 140.00 | 69.00 | 209.00 | NOTE |
Version: 1.7.0
Check: installed package size
Result: NOTE
installed size is 8.0Mb
sub-directories of 1Mb or more:
libs 7.6Mb
Flavors: r-oldrel-macos-arm64, r-oldrel-macos-x86_64
Version: 1.7.0
Check: for GNU extensions in Makefiles
Result: NOTE
GNU make is a SystemRequirements.
Flavors: r-oldrel-macos-arm64, r-oldrel-macos-x86_64, r-oldrel-windows-x86_64