Last updated on 2025-05-04 03:51:03 CEST.
Flavor | Version | Tinstall | Tcheck | Ttotal | Status | Flags |
---|---|---|---|---|---|---|
r-devel-linux-x86_64-debian-clang | 0.16.0 | 2.93 | 35.92 | 38.85 | NOTE | |
r-devel-linux-x86_64-debian-gcc | 0.17.0 | 1.79 | 28.39 | 30.18 | OK | |
r-devel-linux-x86_64-fedora-clang | 0.17.0 | 58.00 | OK | |||
r-devel-linux-x86_64-fedora-gcc | 0.17.0 | 57.38 | OK | |||
r-devel-windows-x86_64 | 0.17.0 | 3.00 | 104.00 | 107.00 | OK | |
r-patched-linux-x86_64 | 0.16.0 | 2.56 | 34.10 | 36.66 | NOTE | |
r-release-linux-x86_64 | NOTE | |||||
r-release-macos-arm64 | 0.17.0 | 38.00 | OK | |||
r-release-macos-x86_64 | 0.17.0 | 53.00 | OK | |||
r-release-windows-x86_64 | 0.17.0 | 4.00 | 106.00 | 110.00 | OK | |
r-oldrel-macos-arm64 | 0.17.0 | 41.00 | OK | |||
r-oldrel-macos-x86_64 | 0.17.0 | 62.00 | OK | |||
r-oldrel-windows-x86_64 | 0.17.0 | 4.00 | 98.00 | 102.00 | OK |
Version: 0.16.0
Check: Rd files
Result: NOTE
checkRd: (-1) R.cache-package.Rd:28-30: Lost braces in \itemize; meant \describe ?
checkRd: (-1) R.cache-package.Rd:31-34: Lost braces in \itemize; meant \describe ?
Flavors: r-devel-linux-x86_64-debian-clang, r-patched-linux-x86_64, r-release-linux-x86_64