Last updated on 2025-05-06 03:51:13 CEST.
Flavor | Version | Tinstall | Tcheck | Ttotal | Status | Flags |
---|---|---|---|---|---|---|
r-devel-linux-x86_64-debian-clang | 1.3.3 | 46.96 | 300.71 | 347.67 | NOTE | |
r-devel-linux-x86_64-debian-gcc | 1.3.3 | 28.80 | 187.21 | 216.01 | NOTE | |
r-devel-linux-x86_64-fedora-clang | 1.3.3 | 542.30 | OK | |||
r-devel-linux-x86_64-fedora-gcc | 1.3.3 | 552.77 | OK | |||
r-devel-windows-x86_64 | 1.3.3 | 50.00 | 342.00 | 392.00 | NOTE | |
r-patched-linux-x86_64 | 1.3.3 | 48.09 | 286.57 | 334.66 | NOTE | |
r-release-linux-x86_64 | 1.3.3 | 36.89 | 283.57 | 320.46 | NOTE | |
r-release-macos-arm64 | 1.3.3 | 132.00 | OK | |||
r-release-macos-x86_64 | 1.3.3 | 297.00 | OK | |||
r-release-windows-x86_64 | 1.3.3 | 50.00 | 338.00 | 388.00 | NOTE | |
r-oldrel-macos-arm64 | 1.3.3 | 136.00 | OK | |||
r-oldrel-macos-x86_64 | 1.3.3 | 227.00 | OK | |||
r-oldrel-windows-x86_64 | 1.3.3 | 64.00 | 470.00 | 534.00 | OK |
Version: 1.3.3
Check: Rd cross-references
Result: NOTE
Found the following Rd file(s) with Rd \link{} targets missing package
anchors:
fLoadAmeriflux22.Rd: read_csv
fLoadFluxnet15.Rd: cols, read_csv
Please provide package anchors for all Rd \link{} targets not in the
package itself and the base packages.
Flavors: r-devel-linux-x86_64-debian-clang, r-devel-linux-x86_64-debian-gcc, r-devel-windows-x86_64, r-patched-linux-x86_64, r-release-linux-x86_64, r-release-windows-x86_64