Last updated on 2025-05-07 03:51:11 CEST.
Flavor | Version | Tinstall | Tcheck | Ttotal | Status | Flags |
---|---|---|---|---|---|---|
r-devel-linux-x86_64-debian-clang | 1.1.4 | 5.70 | 53.42 | 59.12 | OK | |
r-devel-linux-x86_64-debian-gcc | 1.1.4 | 5.18 | 37.98 | 43.16 | OK | |
r-devel-linux-x86_64-fedora-clang | 1.1.4 | 91.95 | OK | |||
r-devel-linux-x86_64-fedora-gcc | 1.1.4 | 87.57 | OK | |||
r-devel-windows-x86_64 | 1.1.4 | 7.00 | 64.00 | 71.00 | OK | |
r-patched-linux-x86_64 | 1.1.4 | 5.72 | 49.21 | 54.93 | OK | |
r-release-linux-x86_64 | 1.1.4 | 5.57 | 50.02 | 55.59 | OK | |
r-release-macos-arm64 | 1.1.4 | 29.00 | OK | |||
r-release-macos-x86_64 | 1.1.4 | 50.00 | OK | |||
r-release-windows-x86_64 | 1.1.4 | 10.00 | 65.00 | 75.00 | OK | |
r-oldrel-macos-arm64 | 1.1.4 | 30.00 | NOTE | |||
r-oldrel-macos-x86_64 | 1.1.4 | 46.00 | NOTE | |||
r-oldrel-windows-x86_64 | 1.1.4 | 11.00 | 79.00 | 90.00 | NOTE |
Version: 1.1.4
Check: LazyData
Result: NOTE
'LazyData' is specified without a 'data' directory
Flavors: r-oldrel-macos-arm64, r-oldrel-macos-x86_64, r-oldrel-windows-x86_64