Last updated on 2025-10-31 02:50:41 CET.
| Flavor | Version | Tinstall | Tcheck | Ttotal | Status | Flags | 
|---|---|---|---|---|---|---|
| r-devel-linux-x86_64-debian-clang | 1.0 | 6.62 | 67.35 | 73.97 | NOTE | |
| r-devel-linux-x86_64-debian-gcc | 1.0 | 5.31 | 49.42 | 54.73 | NOTE | |
| r-devel-linux-x86_64-fedora-clang | 1.0 | 14.00 | 96.07 | 110.07 | OK | |
| r-devel-linux-x86_64-fedora-gcc | 1.0 | 15.00 | 90.30 | 105.30 | OK | |
| r-devel-windows-x86_64 | 1.0 | 7.00 | 76.00 | 83.00 | OK | |
| r-patched-linux-x86_64 | 1.0 | 6.40 | 63.09 | 69.49 | OK | |
| r-release-linux-x86_64 | 1.0 | 5.96 | 62.95 | 68.91 | OK | |
| r-release-macos-arm64 | 1.0 | 3.00 | 34.00 | 37.00 | OK | |
| r-release-macos-x86_64 | 1.0 | 6.00 | 56.00 | 62.00 | OK | |
| r-release-windows-x86_64 | 1.0 | 8.00 | 76.00 | 84.00 | OK | |
| r-oldrel-macos-arm64 | 1.0 | 3.00 | 31.00 | 34.00 | OK | |
| r-oldrel-macos-x86_64 | 1.0 | 5.00 | 52.00 | 57.00 | OK | |
| r-oldrel-windows-x86_64 | 1.0 | 10.00 | 92.00 | 102.00 | OK | 
Version: 1.0
Check: CRAN incoming feasibility
Result: NOTE
  Maintainer: ‘Jose Miguel Cotes Torres <jmcotes@unal.edu.co>’
  
  No Authors@R field in DESCRIPTION.
  Please add one, modifying
    Authors@R: c(person(given = c("Jose", "Miguel", "Cotes", "Torres.", "Universidad", "Nacional", "de", "Colombia", "-", "Sede"),
                        family = "Medellin",
                        role = "aut"),
                 person(given = c("Jose", "Miguel", "Cotes"),
                        family = "Torres",
                        role = "cre",
                        email = "jmcotes@unal.edu.co"))
  as necessary.
Flavors: r-devel-linux-x86_64-debian-clang, r-devel-linux-x86_64-debian-gcc