Last updated on 2025-05-04 03:51:04 CEST.
Flavor | Version | Tinstall | Tcheck | Ttotal | Status | Flags |
---|---|---|---|---|---|---|
r-devel-linux-x86_64-debian-clang | 0.1-7 | 1.85 | 22.23 | 24.08 | NOTE | |
r-devel-linux-x86_64-debian-gcc | 0.1-7 | 1.49 | 18.64 | 20.13 | NOTE | |
r-devel-linux-x86_64-fedora-clang | 0.1-7 | 38.01 | OK | |||
r-devel-linux-x86_64-fedora-gcc | 0.1-7 | 49.55 | OK | |||
r-devel-windows-x86_64 | 0.1-7 | 3.00 | 59.00 | 62.00 | OK | |
r-patched-linux-x86_64 | 0.1-7 | 1.98 | 21.61 | 23.59 | OK | |
r-release-linux-x86_64 | OK | |||||
r-release-macos-arm64 | 0.1-7 | 24.00 | OK | |||
r-release-macos-x86_64 | 0.1-7 | 43.00 | OK | |||
r-release-windows-x86_64 | 0.1-7 | 3.00 | 59.00 | 62.00 | OK | |
r-oldrel-macos-arm64 | 0.1-7 | 23.00 | OK | |||
r-oldrel-macos-x86_64 | 0.1-7 | 35.00 | OK | |||
r-oldrel-windows-x86_64 | 0.1-7 | 3.00 | 59.00 | 62.00 | OK |
Version: 0.1-7
Check: CRAN incoming feasibility
Result: NOTE
Maintainer: ‘Virgilio Gómez-Rubio <virgilio.gomez@uclm.es>’
No Authors@R field in DESCRIPTION.
Please add one, modifying
Authors@R: c(person(given = c("María", "José"),
family = "Haro-Delicado",
role = "aut"),
person(given = "Virgilio",
family = "Gómez-Rubio",
role = c("aut", "cre"),
email = "virgilio.gomez@uclm.es"),
person(given = "Francisco",
family = "Parreńo-Torres",
role = "aut"))
as necessary.
Flavors: r-devel-linux-x86_64-debian-clang, r-devel-linux-x86_64-debian-gcc