Last updated on 2025-05-07 03:51:12 CEST.
Flavor | Version | Tinstall | Tcheck | Ttotal | Status | Flags |
---|---|---|---|---|---|---|
r-devel-windows-x86_64 | 1.0.1 | 7.00 | 118.00 | 125.00 | OK | |
r-release-windows-x86_64 | 1.0.1 | 7.00 | 176.00 | 183.00 | OK | |
r-oldrel-windows-x86_64 | 1.0.1 | 8.00 | 182.00 | 190.00 | NOTE |
Version: 1.0.1
Check: LazyData
Result: NOTE
'LazyData' is specified without a 'data' directory
Flavor: r-oldrel-windows-x86_64