Last updated on 2025-05-06 03:51:14 CEST.
Flavor | Version | Tinstall | Tcheck | Ttotal | Status | Flags |
---|---|---|---|---|---|---|
r-devel-linux-x86_64-debian-clang | 1.1 | 200.88 | 28.21 | 229.09 | NOTE | |
r-devel-linux-x86_64-debian-gcc | 1.1 | 148.66 | 34.04 | 182.70 | NOTE | |
r-devel-linux-x86_64-fedora-clang | 1.1 | 352.00 | OK | |||
r-devel-linux-x86_64-fedora-gcc | 1.1 | 495.22 | OK | |||
r-devel-windows-x86_64 | 1.1 | 189.00 | 91.00 | 280.00 | OK | |
r-patched-linux-x86_64 | 1.1 | 191.90 | 43.55 | 235.45 | OK | |
r-release-linux-x86_64 | 1.1 | 196.43 | 43.43 | 239.86 | OK | |
r-release-macos-arm64 | 1.1 | 82.00 | OK | |||
r-release-macos-x86_64 | 1.1 | 92.00 | OK | |||
r-release-windows-x86_64 | 1.1 | 188.00 | 92.00 | 280.00 | OK | |
r-oldrel-macos-arm64 | 1.1 | 78.00 | NOTE | |||
r-oldrel-macos-x86_64 | 1.1 | 78.00 | NOTE | |||
r-oldrel-windows-x86_64 | 1.1 | 215.00 | 104.00 | 319.00 | OK |
Version: 1.1
Check: CRAN incoming feasibility
Result: NOTE
Maintainer: ‘Halaleh Kamari <halaleh.kamari@univ-evry.fr>’
No Authors@R field in DESCRIPTION.
Please add one, modifying
Authors@R: person(given = "Halaleh",
family = "Kamari",
role = c("aut", "cre"),
email = "halaleh.kamari@univ-evry.fr")
as necessary.
The Description field contains
H., Huet, S. and Taupin, M.-L. (2019) <arXiv:1905.13695>).
Please refer to arXiv e-prints via their arXiv DOI <doi:10.48550/arXiv.YYMM.NNNNN>.
Flavors: r-devel-linux-x86_64-debian-clang, r-devel-linux-x86_64-debian-gcc
Version: 1.1
Check: installed package size
Result: NOTE
installed size is 27.8Mb
sub-directories of 1Mb or more:
libs 27.7Mb
Flavors: r-oldrel-macos-arm64, r-oldrel-macos-x86_64