Last updated on 2025-10-31 02:50:41 CET.
| Flavor | Version | Tinstall | Tcheck | Ttotal | Status | Flags | 
|---|---|---|---|---|---|---|
| r-devel-linux-x86_64-debian-clang | 0.2 | 5.06 | 31.49 | 36.55 | NOTE | |
| r-devel-linux-x86_64-debian-gcc | 0.2 | 3.88 | 23.62 | 27.50 | NOTE | |
| r-devel-linux-x86_64-fedora-clang | 0.2 | 11.00 | 43.81 | 54.81 | NOTE | |
| r-devel-linux-x86_64-fedora-gcc | 0.2 | 11.00 | 40.69 | 51.69 | NOTE | |
| r-devel-windows-x86_64 | 0.2 | 8.00 | 57.00 | 65.00 | OK | |
| r-patched-linux-x86_64 | 0.2 | 4.69 | 29.93 | 34.62 | OK | |
| r-release-linux-x86_64 | 0.2 | 4.83 | 29.75 | 34.58 | OK | |
| r-release-macos-arm64 | 0.2 | 3.00 | 19.00 | 22.00 | OK | |
| r-release-macos-x86_64 | 0.2 | 10.00 | 41.00 | 51.00 | OK | |
| r-release-windows-x86_64 | 0.2 | 8.00 | 58.00 | 66.00 | OK | |
| r-oldrel-macos-arm64 | 0.2 | 3.00 | 19.00 | 22.00 | OK | |
| r-oldrel-macos-x86_64 | 0.2 | 6.00 | 27.00 | 33.00 | OK | |
| r-oldrel-windows-x86_64 | 0.2 | 7.00 | 57.00 | 64.00 | OK | 
Version: 0.2
Check: CRAN incoming feasibility
Result: NOTE
  Maintainer: ‘Robert M. Kirkpatrick <rkirkpatrick2@vcu.edu>’
  
  No Authors@R field in DESCRIPTION.
  Please add one, modifying
    Authors@R: person(given = c("Robert", "M."),
                      family = "Kirkpatrick",
                      role = c("aut", "cre"),
                      email = "rkirkpatrick2@vcu.edu")
  as necessary.
Flavors: r-devel-linux-x86_64-debian-clang, r-devel-linux-x86_64-debian-gcc
Version: 0.2
Check: compiled code
Result: NOTE
  File ‘RMKdiscrete/libs/RMKdiscrete.so’:
    Found no calls to: ‘R_registerRoutines’, ‘R_useDynamicSymbols’
  
  It is good practice to register native routines and to disable symbol
  search.
  
  See ‘Writing portable packages’ in the ‘Writing R Extensions’ manual.
Flavors: r-devel-linux-x86_64-fedora-clang, r-devel-linux-x86_64-fedora-gcc