Last updated on 2025-05-06 03:51:14 CEST.
Flavor | Version | Tinstall | Tcheck | Ttotal | Status | Flags |
---|---|---|---|---|---|---|
r-devel-linux-x86_64-debian-clang | 1.1.1 | 30.00 | 23.68 | 53.68 | NOTE | |
r-devel-linux-x86_64-debian-gcc | 1.1.1 | 21.37 | 19.48 | 40.85 | NOTE | |
r-devel-linux-x86_64-fedora-clang | 1.1.1 | 100.48 | OK | |||
r-devel-linux-x86_64-fedora-gcc | 1.1.1 | 99.10 | OK | |||
r-devel-windows-x86_64 | 1.1.1 | 38.00 | 61.00 | 99.00 | OK | |
r-patched-linux-x86_64 | 1.1.1 | 28.71 | 23.00 | 51.71 | OK | |
r-release-linux-x86_64 | 1.1.1 | 29.06 | 23.44 | 52.50 | OK | |
r-release-macos-arm64 | 1.1.1 | 31.00 | OK | |||
r-release-macos-x86_64 | 1.1.1 | 50.00 | OK | |||
r-release-windows-x86_64 | 1.1.1 | 41.00 | 63.00 | 104.00 | OK | |
r-oldrel-macos-arm64 | 1.1.1 | 32.00 | NOTE | |||
r-oldrel-macos-x86_64 | 1.1.1 | 49.00 | NOTE | |||
r-oldrel-windows-x86_64 | 1.1.1 | 42.00 | 71.00 | 113.00 | NOTE |
Version: 1.1.1
Check: CRAN incoming feasibility
Result: NOTE
Maintainer: ‘Priyam Das <pdas@ncsu.edu>’
The Description field contains
Described in the paper : Das (2016) <arXiv:1604.08616> .
Please refer to arXiv e-prints via their arXiv DOI <doi:10.48550/arXiv.YYMM.NNNNN>.
Flavors: r-devel-linux-x86_64-debian-clang, r-devel-linux-x86_64-debian-gcc
Version: 1.1.1
Check: LazyData
Result: NOTE
'LazyData' is specified without a 'data' directory
Flavors: r-oldrel-macos-arm64, r-oldrel-macos-x86_64, r-oldrel-windows-x86_64