Last updated on 2025-05-03 03:52:09 CEST.
Flavor | Version | Tinstall | Tcheck | Ttotal | Status | Flags |
---|---|---|---|---|---|---|
r-devel-linux-x86_64-debian-clang | 0.0.1 | 2.68 | 42.02 | 44.70 | OK | |
r-devel-linux-x86_64-debian-gcc | 0.0.1 | 2.62 | 34.86 | 37.48 | OK | |
r-devel-linux-x86_64-fedora-clang | 0.0.1 | 75.76 | NOTE | |||
r-devel-linux-x86_64-fedora-gcc | 0.0.1 | 92.24 | NOTE | |||
r-devel-windows-x86_64 | 0.0.1 | 6.00 | 64.00 | 70.00 | OK | |
r-patched-linux-x86_64 | 0.0.1 | 3.75 | 45.04 | 48.79 | OK | |
r-release-linux-x86_64 | OK | |||||
r-release-macos-arm64 | 0.0.1 | 33.00 | OK | |||
r-release-macos-x86_64 | 0.0.1 | 69.00 | OK | |||
r-release-windows-x86_64 | 0.0.1 | 7.00 | 63.00 | 70.00 | OK | |
r-oldrel-macos-arm64 | 0.0.1 | 33.00 | OK | |||
r-oldrel-macos-x86_64 | 0.0.1 | 78.00 | OK | |||
r-oldrel-windows-x86_64 | 0.0.1 | 7.00 | 74.00 | 81.00 | OK |
Version: 0.0.1
Check: dependencies in R code
Result: NOTE
Namespace in Imports field not imported from: ‘quadprog’
All declared Imports should be used.
Flavors: r-devel-linux-x86_64-fedora-clang, r-devel-linux-x86_64-fedora-gcc