Last updated on 2025-10-30 02:49:11 CET.
| Flavor | Version | Tinstall | Tcheck | Ttotal | Status | Flags | 
|---|---|---|---|---|---|---|
| r-devel-linux-x86_64-debian-clang | 0.1.1 | 24.83 | 325.28 | 350.11 | OK | |
| r-devel-linux-x86_64-debian-gcc | 0.1.1 | 15.52 | 136.79 | 152.31 | ERROR | |
| r-devel-linux-x86_64-fedora-clang | 0.1.1 | 49.00 | 499.79 | 548.79 | OK | |
| r-devel-linux-x86_64-fedora-gcc | 0.1.1 | 48.00 | 477.09 | 525.09 | OK | |
| r-devel-windows-x86_64 | 0.1.1 | 21.00 | 241.00 | 262.00 | OK | |
| r-patched-linux-x86_64 | 0.1.1 | 22.32 | 302.39 | 324.71 | OK | |
| r-release-linux-x86_64 | 0.1.1 | 23.76 | 302.70 | 326.46 | OK | |
| r-release-macos-arm64 | 0.1.1 | 9.00 | 98.00 | 107.00 | OK | |
| r-release-macos-x86_64 | 0.1.1 | 19.00 | 233.00 | 252.00 | OK | |
| r-release-windows-x86_64 | 0.1.1 | 21.00 | 244.00 | 265.00 | OK | |
| r-oldrel-macos-arm64 | 0.1.1 | 8.00 | 90.00 | 98.00 | OK | |
| r-oldrel-macos-x86_64 | 0.1.1 | 22.00 | 329.00 | 351.00 | OK | |
| r-oldrel-windows-x86_64 | 0.1.1 | 30.00 | 331.00 | 361.00 | OK | 
Version: 0.1.1
Check: tests
Result: ERROR
    Running ‘testthat.R’ [80s/101s]
  Running the tests in ‘tests/testthat.R’ failed.
  Complete output:
    > # This file is part of the standard setup for testthat.
    > # It is recommended that you do not modify it.
    > #
    > # Where should you do additional test configuration?
    > # Learn more about the roles of various files in:
    > # * https://r-pkgs.org/testing-design.html#sec-tests-files-overview
    > # * https://testthat.r-lib.org/articles/special-files.html
    > 
    > library(testthat)
    > library(ROCsurf)
    > 
    > test_check("ROCsurf")
    [ FAIL 1 | WARN 0 | SKIP 0 | PASS 516 ]
    
    ══ Failed tests ════════════════════════════════════════════════════════════════
    ── Error ('testfunction.R:3754:3'): function return a double or list ───────────
    Error in `r.tc_index(x, y, z, init_param = c(alpha1 = alpha1, beta1 = beta1, 
        alpha2 = alpha2, beta2 = beta2, alpha3 = alpha3, beta3 = beta3), 
        init_index = c(median(x), median(y)), model = c("LLL"), method = c("MLE"))`: Optimization did not converge.Please check your initial parameters.
    Backtrace:
        ▆
     1. ├─testthat::expect_type(...) at testfunction.R:3754:3
     2. │ └─testthat::quasi_label(enquo(object), arg = "object")
     3. │   └─rlang::eval_bare(expr, quo_get_env(quo))
     4. └─ROCsurf::r.tc_index(...)
    
    [ FAIL 1 | WARN 0 | SKIP 0 | PASS 516 ]
    Error: Test failures
    Execution halted
Flavor: r-devel-linux-x86_64-debian-gcc