Last updated on 2025-05-04 03:51:05 CEST.
Flavor | Version | Tinstall | Tcheck | Ttotal | Status | Flags |
---|---|---|---|---|---|---|
r-devel-linux-x86_64-debian-clang | 0.3-0 | 4.61 | 39.41 | 44.02 | OK | --no-tests |
r-devel-linux-x86_64-debian-gcc | 0.3-0 | 3.08 | 27.05 | 30.13 | OK | --no-tests |
r-patched-linux-x86_64 | 0.3-0 | 2.67 | 36.98 | 39.65 | OK | --no-tests |
r-release-linux-x86_64 | OK | --no-tests | ||||
r-release-macos-arm64 | 0.3-0 | 5.00 | ERROR | |||
r-release-macos-x86_64 | 0.3-0 | 6.00 | ERROR | |||
r-oldrel-macos-arm64 | 0.3-0 | 11.00 | ERROR | |||
r-oldrel-macos-x86_64 | 0.3-0 | 10.00 | ERROR | |||
r-oldrel-windows-x86_64 | 0.3-0 | 1.00 | 4.00 | 5.00 | ERROR |
Version: 0.3-0
Check: package dependencies
Result: ERROR
Package required but not available: ‘Rcplex’
See section ‘The DESCRIPTION file’ in the ‘Writing R Extensions’
manual.
Flavors: r-release-macos-arm64, r-release-macos-x86_64, r-oldrel-macos-arm64, r-oldrel-macos-x86_64, r-oldrel-windows-x86_64