Last updated on 2025-05-06 03:51:14 CEST.
Flavor | Version | Tinstall | Tcheck | Ttotal | Status | Flags |
---|---|---|---|---|---|---|
r-devel-linux-x86_64-debian-clang | 4.90.2 | 2.25 | 24.36 | 26.61 | OK | |
r-devel-linux-x86_64-debian-gcc | 4.90.2 | 1.88 | 20.49 | 22.37 | OK | |
r-devel-linux-x86_64-fedora-clang | 4.110.0 | 45.04 | OK | |||
r-devel-linux-x86_64-fedora-gcc | 4.110.0 | 55.93 | OK | |||
r-devel-windows-x86_64 | 4.110.0 | 13.00 | 64.00 | 77.00 | OK | |
r-patched-linux-x86_64 | 4.90.2 | 2.34 | 23.35 | 25.69 | OK | |
r-release-linux-x86_64 | 4.90.2 | 2.34 | 23.53 | 25.87 | OK | |
r-release-macos-arm64 | 4.110.0 | 53.00 | WARN | |||
r-release-macos-x86_64 | 4.110.0 | 74.00 | WARN | |||
r-release-windows-x86_64 | 4.90.2 | 10.00 | 47.00 | 57.00 | OK | |
r-oldrel-macos-arm64 | 4.110.0 | 55.00 | WARN | |||
r-oldrel-macos-x86_64 | 4.110.0 | 81.00 | WARN | |||
r-oldrel-windows-x86_64 | 4.90.2 | 11.00 | 54.00 | 65.00 | OK |
Version: 4.110.0
Check: whether startup messages can be suppressed
Result: NOTE
sh: cmake: command not found
------------------ CMAKE NOT FOUND --------------------
CMake was not found on the PATH. Please install CMake:
- installr::install.cmake() (Windows; inside the R console)
- yum install cmake (Fedora/CentOS; inside a terminal)
- apt install cmake (Debian/Ubuntu; inside a terminal)
- brew install cmake (MacOS; inside a terminal with Homebrew)
- port install cmake (MacOS; inside a terminal with MacPorts)
Alternatively install CMake from: <https://cmake.org/>
-------------------------------------------------------
It looks like this package (or a package it requires) has a startup
message which cannot be suppressed: see ?packageStartupMessage.
Flavors: r-release-macos-arm64, r-release-macos-x86_64, r-oldrel-macos-arm64, r-oldrel-macos-x86_64
Version: 4.110.0
Check: for missing documentation entries
Result: WARN
sh: cmake: command not found
All user-level objects in a package should have documentation entries.
See chapter ‘Writing R documentation files’ in the ‘Writing R
Extensions’ manual.
Flavors: r-release-macos-arm64, r-release-macos-x86_64, r-oldrel-macos-arm64, r-oldrel-macos-x86_64
Version: 4.110.0
Check: for code/documentation mismatches
Result: WARN
sh: cmake: command not found
sh: cmake: command not found
sh: cmake: command not found
Flavors: r-release-macos-arm64, r-release-macos-x86_64, r-oldrel-macos-arm64, r-oldrel-macos-x86_64