Last updated on 2025-05-06 03:51:14 CEST.
Flavor | Version | Tinstall | Tcheck | Ttotal | Status | Flags |
---|---|---|---|---|---|---|
r-devel-linux-x86_64-debian-clang | 0.1.3 | 1.86 | 20.87 | 22.73 | NOTE | |
r-devel-linux-x86_64-debian-gcc | 0.1.3 | 1.56 | 17.32 | 18.88 | NOTE | |
r-devel-linux-x86_64-fedora-clang | 0.1.3 | 33.55 | OK | |||
r-devel-linux-x86_64-fedora-gcc | 0.1.3 | 32.29 | OK | |||
r-devel-windows-x86_64 | 0.1.3 | 4.00 | 41.00 | 45.00 | OK | |
r-patched-linux-x86_64 | 0.1.3 | 1.78 | 19.05 | 20.83 | OK | |
r-release-linux-x86_64 | 0.1.3 | 1.83 | 19.09 | 20.92 | OK | |
r-release-macos-arm64 | 0.1.3 | 19.00 | OK | |||
r-release-macos-x86_64 | 0.1.3 | 25.00 | OK | |||
r-release-windows-x86_64 | 0.1.3 | 3.00 | 41.00 | 44.00 | OK | |
r-oldrel-macos-arm64 | 0.1.3 | 17.00 | OK | |||
r-oldrel-macos-x86_64 | 0.1.3 | 22.00 | OK | |||
r-oldrel-windows-x86_64 | 0.1.3 | 4.00 | 46.00 | 50.00 | OK |
Version: 0.1.3
Check: CRAN incoming feasibility
Result: NOTE
Maintainer: ‘Thomas J. Leeper <thosjleeper@gmail.com>’
Package CITATION file contains call(s) to old-style personList() or
as.personList(). Please use c() on person objects instead.
Package CITATION file contains call(s) to old-style citEntry(). Please
use bibentry() instead.
Flavors: r-devel-linux-x86_64-debian-clang, r-devel-linux-x86_64-debian-gcc