CRAN Package Check Results for Package RSA

Last updated on 2025-07-04 03:50:37 CEST.

Flavor Version Tinstall Tcheck Ttotal Status Flags
r-devel-linux-x86_64-debian-clang 0.10.6 13.29 90.29 103.58 NOTE
r-devel-linux-x86_64-debian-gcc 0.10.6 8.28 71.45 79.73 NOTE
r-devel-linux-x86_64-fedora-clang 0.10.6 159.40 OK
r-devel-linux-x86_64-fedora-gcc 0.10.6 153.22 OK
r-devel-windows-x86_64 0.10.6 12.00 87.00 99.00 NOTE
r-patched-linux-x86_64 0.10.6 13.06 82.66 95.72 NOTE
r-release-linux-x86_64 0.10.6 12.26 80.46 92.72 NOTE
r-release-macos-arm64 0.10.6 53.00 OK
r-release-macos-x86_64 0.10.6 87.00 OK
r-release-windows-x86_64 0.10.6 13.00 90.00 103.00 NOTE
r-oldrel-macos-arm64 0.10.6 54.00 OK
r-oldrel-macos-x86_64 0.10.6 73.00 OK
r-oldrel-windows-x86_64 0.10.6 16.00 109.00 125.00 OK

Check Details

Version: 0.10.6
Check: CRAN incoming feasibility
Result: NOTE Maintainer: ‘Felix Schönbrodt <felix@nicebread.de>’ Package CITATION file contains call(s) to old-style personList() or as.personList(). Please use c() on person objects instead. Package CITATION file contains call(s) to old-style citEntry(). Please use bibentry() instead. Flavors: r-devel-linux-x86_64-debian-clang, r-devel-linux-x86_64-debian-gcc

Version: 0.10.6
Check: Rd cross-references
Result: NOTE Found the following Rd file(s) with Rd \link{} targets missing package anchors: RSA.Rd: sem Please provide package anchors for all Rd \link{} targets not in the package itself and the base packages. Flavors: r-devel-linux-x86_64-debian-clang, r-devel-linux-x86_64-debian-gcc, r-devel-windows-x86_64, r-patched-linux-x86_64, r-release-linux-x86_64, r-release-windows-x86_64