CRAN Package Check Results for Package RSDK

Last updated on 2025-05-07 03:51:13 CEST.

Flavor Version Tinstall Tcheck Ttotal Status Flags
r-devel-linux-x86_64-debian-clang 1.0.1 2.25 25.12 27.37 NOTE
r-devel-linux-x86_64-debian-gcc 1.0.1 1.65 19.07 20.72 NOTE
r-devel-linux-x86_64-fedora-clang 1.0.1 42.62 NOTE
r-devel-linux-x86_64-fedora-gcc 1.0.1 42.81 NOTE
r-devel-windows-x86_64 1.0.1 4.00 46.00 50.00 OK
r-patched-linux-x86_64 1.0.1 1.81 23.80 25.61 OK
r-release-linux-x86_64 1.0.1 1.95 23.47 25.42 OK
r-release-macos-arm64 1.0.1 19.00 OK
r-release-macos-x86_64 1.0.1 46.00 OK
r-release-windows-x86_64 1.0.1 4.00 45.00 49.00 OK
r-oldrel-macos-arm64 1.0.1 18.00 OK
r-oldrel-macos-x86_64 1.0.1 26.00 OK
r-oldrel-windows-x86_64 1.0.1 5.00 53.00 58.00 OK

Check Details

Version: 1.0.1
Check: CRAN incoming feasibility
Result: NOTE Maintainer: ‘EL KHMISSI Mohamed <mohamed.el-khmissi01@etu.umontpellier.fr>’ No Authors@R field in DESCRIPTION. Please add one, modifying Authors@R: person(given = c("EL", "KHMISSI"), family = "Mohamed", role = c("aut", "cre"), email = "mohamed.el-khmissi01@etu.umontpellier.fr") as necessary. Flavors: r-devel-linux-x86_64-debian-clang, r-devel-linux-x86_64-debian-gcc

Version: 1.0.1
Check: dependencies in R code
Result: NOTE Namespaces in Imports field not imported from: ‘keys’ ‘shinyWidgets’ ‘testthat’ All declared Imports should be used. Flavors: r-devel-linux-x86_64-fedora-clang, r-devel-linux-x86_64-fedora-gcc