CRAN Package Check Results for Package RXshrink

Last updated on 2025-05-04 03:51:05 CEST.

Flavor Version Tinstall Tcheck Ttotal Status Flags
r-devel-linux-x86_64-debian-clang 2.3 6.19 42.25 48.44 NOTE
r-devel-linux-x86_64-debian-gcc 2.3 3.77 29.96 33.73 NOTE
r-devel-linux-x86_64-fedora-clang 2.3 74.27 NOTE
r-devel-linux-x86_64-fedora-gcc 2.3 70.87 NOTE
r-devel-windows-x86_64 2.3 5.00 76.00 81.00 NOTE
r-patched-linux-x86_64 2.3 7.21 39.64 46.85 NOTE
r-release-linux-x86_64 NOTE
r-release-macos-arm64 2.3 27.00 NOTE
r-release-macos-x86_64 2.3 51.00 NOTE
r-release-windows-x86_64 2.3 7.00 70.00 77.00 NOTE
r-oldrel-macos-arm64 2.3 25.00 NOTE
r-oldrel-macos-x86_64 2.3 43.00 NOTE
r-oldrel-windows-x86_64 2.3 7.00 76.00 83.00 NOTE

Check Details

Version: 2.3
Check: CRAN incoming feasibility
Result: NOTE Maintainer: ‘Bob Obenchain <wizbob@att.net>’ No Authors@R field in DESCRIPTION. Please add one, modifying Authors@R: person(given = "Bob", family = "Obenchain", role = c("aut", "cre"), email = "wizbob@att.net") as necessary. Flavors: r-devel-linux-x86_64-debian-clang, r-devel-linux-x86_64-debian-gcc

Version: 2.3
Check: Rd files
Result: NOTE checkRd: (-1) plot.eff.ridge.Rd:6: Lost braces 6 | emph{Single Interior Knot} at the MSE Optimal m-Extent of Shrinkage. The | ^ Flavors: r-devel-linux-x86_64-debian-clang, r-devel-linux-x86_64-debian-gcc, r-devel-linux-x86_64-fedora-clang, r-devel-linux-x86_64-fedora-gcc, r-devel-windows-x86_64, r-patched-linux-x86_64, r-release-linux-x86_64, r-release-macos-arm64, r-release-macos-x86_64, r-release-windows-x86_64, r-oldrel-macos-arm64, r-oldrel-macos-x86_64, r-oldrel-windows-x86_64

Version: 2.3
Check: Rd cross-references
Result: NOTE Found the following Rd file(s) with Rd \link{} targets missing package anchors: eff.biv.Rd: ellipse.lm Please provide package anchors for all Rd \link{} targets not in the package itself and the base packages. Flavors: r-devel-linux-x86_64-debian-clang, r-devel-linux-x86_64-debian-gcc, r-devel-windows-x86_64, r-patched-linux-x86_64, r-release-linux-x86_64, r-release-windows-x86_64