Last updated on 2025-10-31 02:50:42 CET.
| Flavor | Version | Tinstall | Tcheck | Ttotal | Status | Flags | 
|---|---|---|---|---|---|---|
| r-devel-linux-x86_64-debian-clang | 2.3 | 6.16 | 44.92 | 51.08 | NOTE | |
| r-devel-linux-x86_64-debian-gcc | 2.3 | 4.09 | 32.50 | 36.59 | NOTE | |
| r-devel-linux-x86_64-fedora-clang | 2.3 | 15.00 | 61.91 | 76.91 | NOTE | |
| r-devel-linux-x86_64-fedora-gcc | 2.3 | 13.00 | 59.13 | 72.13 | NOTE | |
| r-devel-windows-x86_64 | 2.3 | 6.00 | 66.00 | 72.00 | NOTE | |
| r-patched-linux-x86_64 | 2.3 | 7.04 | 42.54 | 49.58 | NOTE | |
| r-release-linux-x86_64 | 2.3 | 5.49 | 42.52 | 48.01 | NOTE | |
| r-release-macos-arm64 | 2.3 | 2.00 | 25.00 | 27.00 | NOTE | |
| r-release-macos-x86_64 | 2.3 | 5.00 | 46.00 | 51.00 | NOTE | |
| r-release-windows-x86_64 | 2.3 | 7.00 | 71.00 | 78.00 | NOTE | |
| r-oldrel-macos-arm64 | 2.3 | 2.00 | 23.00 | 25.00 | NOTE | |
| r-oldrel-macos-x86_64 | 2.3 | 4.00 | 39.00 | 43.00 | NOTE | |
| r-oldrel-windows-x86_64 | 2.3 | 9.00 | 80.00 | 89.00 | NOTE | 
Version: 2.3
Check: CRAN incoming feasibility
Result: NOTE
  Maintainer: ‘Bob Obenchain <wizbob@att.net>’
  
  No Authors@R field in DESCRIPTION.
  Please add one, modifying
    Authors@R: person(given = "Bob",
                      family = "Obenchain",
                      role = c("aut", "cre"),
                      email = "wizbob@att.net")
  as necessary.
Flavors: r-devel-linux-x86_64-debian-clang, r-devel-linux-x86_64-debian-gcc
Version: 2.3
Check: Rd files
Result: NOTE
  checkRd: (-1) plot.eff.ridge.Rd:6: Lost braces
       6 |  emph{Single Interior Knot} at the MSE Optimal m-Extent of Shrinkage. The
         |      ^
Flavors: r-devel-linux-x86_64-debian-clang, r-devel-linux-x86_64-debian-gcc, r-devel-linux-x86_64-fedora-clang, r-devel-linux-x86_64-fedora-gcc, r-devel-windows-x86_64, r-patched-linux-x86_64, r-release-linux-x86_64, r-release-macos-arm64, r-release-macos-x86_64, r-release-windows-x86_64, r-oldrel-macos-arm64, r-oldrel-macos-x86_64, r-oldrel-windows-x86_64
Version: 2.3
Check: Rd cross-references
Result: NOTE
  Found the following Rd file(s) with Rd \link{} targets missing package
  anchors:
    eff.biv.Rd: ellipse.lm
  Please provide package anchors for all Rd \link{} targets not in the
  package itself and the base packages.
Flavors: r-devel-linux-x86_64-debian-clang, r-devel-linux-x86_64-debian-gcc, r-devel-windows-x86_64, r-patched-linux-x86_64, r-release-linux-x86_64, r-release-windows-x86_64