CRAN Package Check Results for Package RZigZag

Last updated on 2025-05-06 03:51:15 CEST.

Flavor Version Tinstall Tcheck Ttotal Status Flags
r-devel-linux-x86_64-debian-clang 0.2.1 65.03 23.40 88.43 NOTE
r-devel-linux-x86_64-debian-gcc 0.2.1 46.84 21.65 68.49 NOTE
r-devel-linux-x86_64-fedora-clang 0.2.1 170.18 NOTE
r-devel-linux-x86_64-fedora-gcc 0.2.1 182.38 NOTE
r-devel-windows-x86_64 0.2.1 72.00 65.00 137.00 NOTE
r-patched-linux-x86_64 0.2.1 62.80 25.88 88.68 NOTE
r-release-linux-x86_64 0.2.1 64.82 26.26 91.08 NOTE
r-release-macos-arm64 0.2.1 42.00 NOTE
r-release-macos-x86_64 0.2.1 52.00 NOTE
r-release-windows-x86_64 0.2.1 73.00 69.00 142.00 NOTE
r-oldrel-macos-arm64 0.2.1 42.00 NOTE
r-oldrel-macos-x86_64 0.2.1 48.00 NOTE
r-oldrel-windows-x86_64 0.2.1 84.00 79.00 163.00 NOTE

Check Details

Version: 0.2.1
Check: CRAN incoming feasibility
Result: NOTE Maintainer: ‘Joris Bierkens <j.bierkens@vu.nl>’ No Authors@R field in DESCRIPTION. Please add one, modifying Authors@R: person(given = "Joris", family = "Bierkens", role = c("aut", "cre"), email = "j.bierkens@vu.nl") as necessary. The Description field contains <arXiv:1607.03188> applied and Bouncy Particle Sampler <arXiv:1510.02451> for a Gaussian target and Student distribution. Please refer to arXiv e-prints via their arXiv DOI <doi:10.48550/arXiv.YYMM.NNNNN>. Flavors: r-devel-linux-x86_64-debian-clang, r-devel-linux-x86_64-debian-gcc

Version: 0.2.1
Check: Rd files
Result: NOTE checkRd: (-1) ZigZagLogistic.Rd:11: Lost braces; missing escapes or markup? 11 | \item{dataX}{Design matrix containing observations of the independent variables x. The i-th row represents the i-th observation with components x_{i,1}, ..., x_{i,d}.} | ^ checkRd: (-1) ZigZagLogistic.Rd:11: Lost braces; missing escapes or markup? 11 | \item{dataX}{Design matrix containing observations of the independent variables x. The i-th row represents the i-th observation with components x_{i,1}, ..., x_{i,d}.} | ^ checkRd: (-1) ZigZagLogistic.Rd:13: Lost braces; missing escapes or markup? 13 | \item{dataY}{Vector of length n containing {0, 1}-valued observations of the dependent variable y.} | ^ Flavors: r-devel-linux-x86_64-debian-clang, r-devel-linux-x86_64-debian-gcc, r-devel-linux-x86_64-fedora-clang, r-devel-linux-x86_64-fedora-gcc, r-devel-windows-x86_64, r-patched-linux-x86_64, r-release-linux-x86_64, r-release-macos-arm64, r-release-macos-x86_64, r-release-windows-x86_64, r-oldrel-macos-arm64, r-oldrel-macos-x86_64, r-oldrel-windows-x86_64

Version: 0.2.1
Check: installed package size
Result: NOTE installed size is 15.5Mb sub-directories of 1Mb or more: libs 15.4Mb Flavors: r-oldrel-macos-arm64, r-oldrel-macos-x86_64