Last updated on 2025-05-06 03:51:12 CEST.
Flavor | Version | Tinstall | Tcheck | Ttotal | Status | Flags |
---|---|---|---|---|---|---|
r-devel-linux-x86_64-debian-clang | 0.2.0 | 16.08 | 116.84 | 132.92 | NOTE | |
r-devel-linux-x86_64-debian-gcc | 0.2.0 | 11.17 | 83.96 | 95.13 | NOTE | |
r-devel-linux-x86_64-fedora-clang | 0.2.0 | 207.30 | OK | |||
r-devel-linux-x86_64-fedora-gcc | 0.2.0 | 214.01 | OK | |||
r-devel-windows-x86_64 | 0.2.0 | 16.00 | 117.00 | 133.00 | OK | |
r-patched-linux-x86_64 | 0.2.0 | 13.57 | 110.56 | 124.13 | OK | |
r-release-linux-x86_64 | 0.2.0 | 13.77 | 110.59 | 124.36 | OK | |
r-release-macos-arm64 | 0.2.0 | 59.00 | OK | |||
r-release-macos-x86_64 | 0.2.0 | 141.00 | OK | |||
r-release-windows-x86_64 | 0.2.0 | 17.00 | 118.00 | 135.00 | OK | |
r-oldrel-macos-arm64 | 0.2.0 | 59.00 | NOTE | |||
r-oldrel-macos-x86_64 | 0.2.0 | 91.00 | NOTE | |||
r-oldrel-windows-x86_64 | 0.2.0 | 21.00 | 149.00 | 170.00 | NOTE |
Version: 0.2.0
Check: CRAN incoming feasibility
Result: NOTE
Maintainer: ‘José Matute <jmatuteflores@gmail.com>’
Package CITATION file contains call(s) to old-style personList() or
as.personList(). Please use c() on person objects instead.
Package CITATION file contains call(s) to old-style citEntry(). Please
use bibentry() instead.
Flavors: r-devel-linux-x86_64-debian-clang, r-devel-linux-x86_64-debian-gcc
Version: 0.2.0
Check: LazyData
Result: NOTE
'LazyData' is specified without a 'data' directory
Flavors: r-oldrel-macos-arm64, r-oldrel-macos-x86_64, r-oldrel-windows-x86_64